Last updated on 2019-03-27 00:47:45 CET.
Flavor | Version | Tinstall | Tcheck | Ttotal | Status | Flags |
---|---|---|---|---|---|---|
r-devel-linux-x86_64-debian-clang | 4.1-22 | 12.64 | 146.13 | 158.77 | NOTE | |
r-devel-linux-x86_64-debian-gcc | 4.1-22 | 10.62 | 112.98 | 123.60 | NOTE | |
r-devel-linux-x86_64-fedora-clang | 4.1-22 | 192.25 | NOTE | |||
r-devel-linux-x86_64-fedora-gcc | 4.1-22 | 182.75 | NOTE | |||
r-devel-windows-ix86+x86_64 | 4.1-22 | 22.00 | 154.00 | 176.00 | NOTE | |
r-patched-linux-x86_64 | 4.1-22 | 10.42 | 138.08 | 148.50 | NOTE | |
r-patched-solaris-x86 | 4.1-22 | 245.60 | NOTE | |||
r-release-linux-x86_64 | 4.1-22 | 8.71 | 137.86 | 146.57 | NOTE | |
r-release-windows-ix86+x86_64 | 4.1-22 | 25.00 | 147.00 | 172.00 | NOTE | |
r-release-osx-x86_64 | 4.1-22 | NOTE | ||||
r-oldrel-windows-ix86+x86_64 | 4.1-22 | 12.00 | 186.00 | 198.00 | NOTE | |
r-oldrel-osx-x86_64 | 4.1-22 | NOTE |
Version: 4.1-22
Check: package dependencies
Result: NOTE
Package which this enhances but not available for checking: 'asreml'
Flavors: r-devel-linux-x86_64-debian-clang, r-devel-linux-x86_64-debian-gcc, r-devel-linux-x86_64-fedora-clang, r-devel-linux-x86_64-fedora-gcc, r-devel-windows-ix86+x86_64, r-patched-linux-x86_64, r-patched-solaris-x86, r-release-linux-x86_64, r-release-windows-ix86+x86_64, r-release-osx-x86_64, r-oldrel-windows-ix86+x86_64, r-oldrel-osx-x86_64