CRAN Package Check Results for Package autocogs

Last updated on 2019-03-27 00:47:46 CET.

Flavor Version Tinstall Tcheck Ttotal Status Flags
r-devel-linux-x86_64-debian-clang 0.1.2 4.16 39.26 43.42 OK
r-devel-linux-x86_64-debian-gcc 0.1.2 3.83 30.82 34.65 OK
r-devel-linux-x86_64-fedora-clang 0.1.2 53.16 NOTE
r-devel-linux-x86_64-fedora-gcc 0.1.2 49.45 NOTE
r-devel-windows-ix86+x86_64 0.1.2 10.00 53.00 63.00 OK
r-patched-linux-x86_64 0.1.2 2.61 37.27 39.88 OK
r-patched-solaris-x86 0.1.2 80.10 NOTE
r-release-linux-x86_64 0.1.2 3.33 37.17 40.50 OK
r-release-windows-ix86+x86_64 0.1.2 9.00 55.00 64.00 OK
r-release-osx-x86_64 0.1.2 NOTE
r-oldrel-windows-ix86+x86_64 0.1.2 6.00 60.00 66.00 OK
r-oldrel-osx-x86_64 0.1.2 NOTE

Check Details

Version: 0.1.2
Check: dependencies in R code
Result: NOTE
    Namespaces in Imports field not imported from:
     ‘MASS’ ‘broom’ ‘diptest’ ‘ggplot2’ ‘hexbin’ ‘moments’
     All declared Imports should be used.
Flavors: r-devel-linux-x86_64-fedora-clang, r-devel-linux-x86_64-fedora-gcc, r-patched-solaris-x86, r-release-osx-x86_64, r-oldrel-osx-x86_64