Last updated on 2019-03-27 00:47:46 CET.
Flavor | Version | Tinstall | Tcheck | Ttotal | Status | Flags |
---|---|---|---|---|---|---|
r-devel-linux-x86_64-debian-clang | 2.0.6 | 11.64 | 139.46 | 151.10 | OK | |
r-devel-linux-x86_64-debian-gcc | 2.0.6 | 8.09 | 120.76 | 128.85 | OK | |
r-devel-linux-x86_64-fedora-clang | 2.0.6 | 178.64 | OK | |||
r-devel-linux-x86_64-fedora-gcc | 2.0.6 | 166.48 | OK | |||
r-devel-windows-ix86+x86_64 | 2.0.6 | 45.00 | 234.00 | 279.00 | OK | |
r-patched-linux-x86_64 | 2.0.6 | 8.11 | 140.13 | 148.24 | OK | |
r-patched-solaris-x86 | 2.0.6 | 385.70 | OK | |||
r-release-linux-x86_64 | 2.0.6 | 9.25 | 138.57 | 147.82 | OK | |
r-release-windows-ix86+x86_64 | 2.0.6 | 41.00 | 195.00 | 236.00 | OK | |
r-release-osx-x86_64 | 2.0.6 | OK | ||||
r-oldrel-osx-x86_64 | 2.0.6 | ERROR |
Version: 2.0.6
Check: whether package can be installed
Result: ERROR
Installation failed.
Flavor: r-oldrel-osx-x86_64