CRAN Package Check Results for Package bandit

Last updated on 2019-03-27 00:47:46 CET.

Flavor Version Tinstall Tcheck Ttotal Status Flags
r-devel-linux-x86_64-debian-clang 0.5.0 1.96 18.00 19.96 NOTE
r-devel-linux-x86_64-debian-gcc 0.5.0 1.55 16.39 17.94 NOTE
r-devel-linux-x86_64-fedora-clang 0.5.0 22.97 NOTE
r-devel-linux-x86_64-fedora-gcc 0.5.0 20.92 NOTE
r-devel-windows-ix86+x86_64 0.5.0 8.00 43.00 51.00 NOTE
r-patched-linux-x86_64 0.5.0 0.83 16.84 17.67 NOTE
r-patched-solaris-x86 0.5.0 37.90 NOTE
r-release-linux-x86_64 0.5.0 1.21 17.26 18.47 NOTE
r-release-windows-ix86+x86_64 0.5.0 4.00 42.00 46.00 NOTE
r-release-osx-x86_64 0.5.0 NOTE
r-oldrel-windows-ix86+x86_64 0.5.0 3.00 45.00 48.00 NOTE
r-oldrel-osx-x86_64 0.5.0 NOTE

Check Details

Version: 0.5.0
Check: R code for possible problems
Result: NOTE
    best_binomial_bandit : f: no visible global function definition for
     'dbeta'
    best_binomial_bandit : f: no visible global function definition for
     'pbeta'
    best_binomial_bandit: no visible global function definition for
     'integrate'
    best_poisson_bandit : f: no visible global function definition for
     'dgamma'
    best_poisson_bandit : f: no visible global function definition for
     'pgamma'
    best_poisson_bandit: no visible global function definition for
     'integrate'
    deseasonalized_trend: no visible global function definition for
     'predict'
    distribution_estimate: no visible global function definition for
     'quantile'
    distribution_estimate: no visible global function definition for
     'qbeta'
    significance_analysis: no visible global function definition for
     'prop.test'
    sim_post: no visible global function definition for 'rbeta'
    summarize_metrics: no visible global function definition for 'median'
    summarize_metrics: no visible global function definition for
     'prop.test'
    Undefined global functions or variables:
     dbeta dgamma integrate median pbeta pgamma predict prop.test qbeta
     quantile rbeta
    Consider adding
     importFrom("stats", "dbeta", "dgamma", "integrate", "median", "pbeta",
     "pgamma", "predict", "prop.test", "qbeta", "quantile",
     "rbeta")
    to your NAMESPACE file.
Flavors: r-devel-linux-x86_64-debian-clang, r-devel-linux-x86_64-debian-gcc, r-devel-linux-x86_64-fedora-clang, r-devel-linux-x86_64-fedora-gcc, r-devel-windows-ix86+x86_64, r-patched-linux-x86_64, r-patched-solaris-x86, r-release-linux-x86_64, r-release-windows-ix86+x86_64, r-release-osx-x86_64, r-oldrel-windows-ix86+x86_64, r-oldrel-osx-x86_64