Last updated on 2019-03-27 00:47:46 CET.
Flavor | Version | Tinstall | Tcheck | Ttotal | Status | Flags |
---|---|---|---|---|---|---|
r-devel-linux-x86_64-debian-clang | 0.3.0 | 13.63 | 78.84 | 92.47 | OK | |
r-devel-linux-x86_64-debian-gcc | 0.3.0 | 13.24 | 65.20 | 78.44 | OK | |
r-devel-linux-x86_64-fedora-clang | 0.3.0 | 116.10 | OK | |||
r-devel-linux-x86_64-fedora-gcc | 0.3.0 | 88.09 | OK | |||
r-devel-windows-ix86+x86_64 | 0.3.0 | 22.00 | 108.00 | 130.00 | OK | |
r-patched-linux-x86_64 | 0.3.0 | 11.76 | 67.94 | 79.70 | OK | |
r-patched-solaris-x86 | 0.3.0 | 120.00 | WARN | |||
r-release-linux-x86_64 | 0.3.0 | 11.34 | 63.38 | 74.72 | OK | |
r-release-windows-ix86+x86_64 | 0.3.0 | 28.00 | 89.00 | 117.00 | OK | |
r-release-osx-x86_64 | 0.2.0 | WARN | ||||
r-oldrel-windows-ix86+x86_64 | 0.3.0 | 8.00 | 107.00 | 115.00 | OK | |
r-oldrel-osx-x86_64 | 0.2.0 | WARN |
Version: 0.3.0
Check: re-building of vignette outputs
Result: WARN
Error in re-building vignettes:
...
Warning in engine$weave(file, quiet = quiet, encoding = enc) :
Pandoc (>= 1.12.3) and/or pandoc-citeproc not available. Falling back to R Markdown v1.
Quitting from lines 46-49 (v01-introduction.Rmd)
Error: processing vignette 'v01-introduction.Rmd' failed with diagnostics:
there is no package called 'webshot'
Execution halted
Flavor: r-patched-solaris-x86
Version: 0.2.0
Check: re-building of vignette outputs
Result: WARN
Error in re-building vignettes:
...
Warning in engine$weave(file, quiet = quiet, encoding = enc) :
Pandoc (>= 1.12.3) and/or pandoc-citeproc not available. Falling back to R Markdown v1.
PhantomJS not found. You can install it with webshot::install_phantomjs(). If it is installed, please make sure the phantomjs executable can be found via the PATH variable.
Quitting from lines 46-49 (v01-introduction.Rmd)
Error: processing vignette 'v01-introduction.Rmd' failed with diagnostics:
cannot open the connection
Execution halted
Flavors: r-release-osx-x86_64, r-oldrel-osx-x86_64