Last updated on 2019-03-27 00:47:46 CET.
Flavor | Version | Tinstall | Tcheck | Ttotal | Status | Flags |
---|---|---|---|---|---|---|
r-devel-linux-x86_64-debian-clang | 0.6-0 | 55.82 | 102.68 | 158.50 | OK | |
r-devel-linux-x86_64-debian-gcc | 0.6-0 | 50.29 | 86.08 | 136.37 | OK | |
r-devel-linux-x86_64-fedora-clang | 0.6-0 | 220.49 | NOTE | |||
r-devel-linux-x86_64-fedora-gcc | 0.6-0 | 170.81 | OK | |||
r-devel-windows-ix86+x86_64 | 0.6-0 | 158.00 | 188.00 | 346.00 | OK | |
r-patched-linux-x86_64 | 0.6-0 | 60.61 | 94.42 | 155.03 | OK | |
r-patched-solaris-x86 | 0.6-0 | 250.80 | OK | |||
r-release-linux-x86_64 | 0.6-0 | 61.11 | 89.90 | 151.01 | OK | |
r-release-windows-ix86+x86_64 | 0.6-0 | 140.00 | 181.00 | 321.00 | OK | |
r-release-osx-x86_64 | 0.6-0 | NOTE | ||||
r-oldrel-windows-ix86+x86_64 | 0.6-0 | 113.00 | 148.00 | 261.00 | OK | |
r-oldrel-osx-x86_64 | 0.6-0 | NOTE |
Version: 0.6-0
Check: installed package size
Result: NOTE
installed size is 6.1Mb
sub-directories of 1Mb or more:
data 1.6Mb
libs 3.8Mb
Flavors: r-devel-linux-x86_64-fedora-clang, r-release-osx-x86_64, r-oldrel-osx-x86_64