CRAN Package Check Results for Package bcmaps

Last updated on 2019-03-27 00:47:46 CET.

Flavor Version Tinstall Tcheck Ttotal Status Flags
r-devel-linux-x86_64-debian-clang 0.18.0 4.08 51.13 55.21 NOTE
r-devel-linux-x86_64-debian-gcc 0.18.0 4.58 44.63 49.21 NOTE
r-devel-linux-x86_64-fedora-clang 0.18.0 72.06 NOTE
r-devel-linux-x86_64-fedora-gcc 0.18.0 67.11 NOTE
r-devel-windows-ix86+x86_64 0.18.0 13.00 71.00 84.00 NOTE
r-patched-linux-x86_64 0.18.0 3.01 49.31 52.32 NOTE
r-patched-solaris-x86 0.18.0 97.80 NOTE
r-release-linux-x86_64 0.18.0 2.94 47.74 50.68 NOTE
r-release-windows-ix86+x86_64 0.18.0 8.00 68.00 76.00 NOTE
r-release-osx-x86_64 0.18.0 NOTE
r-oldrel-windows-ix86+x86_64 0.18.0 5.00 78.00 83.00 NOTE
r-oldrel-osx-x86_64 0.18.0 NOTE

Check Details

Version: 0.18.0
Check: package dependencies
Result: NOTE
    Package suggested but not available for checking: 'bcmapsdata'
Flavors: r-devel-linux-x86_64-debian-clang, r-devel-linux-x86_64-debian-gcc, r-devel-linux-x86_64-fedora-clang, r-devel-linux-x86_64-fedora-gcc, r-patched-linux-x86_64, r-patched-solaris-x86, r-release-linux-x86_64, r-release-osx-x86_64, r-oldrel-osx-x86_64

Version: 0.18.0
Check: package dependencies
Result: NOTE
    Packages suggested but not available for checking: 'bcmapsdata', 'doMC'
Flavor: r-devel-windows-ix86+x86_64

Version: 0.18.0
Check: package dependencies
Result: NOTE
    Packages suggested but not available for checking: 'bcmapsdata' 'doMC'
Flavors: r-release-windows-ix86+x86_64, r-oldrel-windows-ix86+x86_64