Last updated on 2019-03-27 00:47:46 CET.
Flavor | Version | Tinstall | Tcheck | Ttotal | Status | Flags |
---|---|---|---|---|---|---|
r-devel-linux-x86_64-debian-clang | 2.2.1 | 2.21 | 20.29 | 22.50 | NOTE | |
r-devel-linux-x86_64-debian-gcc | 2.2.1 | 1.76 | 16.21 | 17.97 | NOTE | |
r-devel-linux-x86_64-fedora-clang | 2.2.1 | 27.48 | NOTE | |||
r-devel-linux-x86_64-fedora-gcc | 2.2.1 | 29.89 | NOTE | |||
r-devel-windows-ix86+x86_64 | 2.2.1 | 7.00 | 32.00 | 39.00 | NOTE | |
r-patched-linux-x86_64 | 2.2.1 | 1.57 | 18.41 | 19.98 | NOTE | |
r-patched-solaris-x86 | 2.2.1 | 41.70 | NOTE | |||
r-release-linux-x86_64 | 2.2.1 | 1.39 | 18.44 | 19.83 | NOTE | |
r-release-windows-ix86+x86_64 | 2.2.1 | 5.00 | 31.00 | 36.00 | NOTE | |
r-release-osx-x86_64 | 2.2.1 | NOTE | ||||
r-oldrel-windows-ix86+x86_64 | 2.2.1 | 3.00 | 33.00 | 36.00 | NOTE | |
r-oldrel-osx-x86_64 | 2.2.1 | NOTE |
Version: 2.2.1
Check: DESCRIPTION meta-information
Result: NOTE
Checking should be performed on sources prepared by 'R CMD build'.
Flavors: r-devel-linux-x86_64-debian-clang, r-devel-linux-x86_64-debian-gcc, r-devel-linux-x86_64-fedora-clang, r-devel-linux-x86_64-fedora-gcc, r-devel-windows-ix86+x86_64, r-patched-linux-x86_64, r-patched-solaris-x86, r-release-linux-x86_64, r-release-windows-ix86+x86_64, r-release-osx-x86_64, r-oldrel-windows-ix86+x86_64, r-oldrel-osx-x86_64