CRAN Package Check Results for Package bigalgebra

Last updated on 2019-03-27 00:47:46 CET.

Flavor Version Tinstall Tcheck Ttotal Status Flags
r-devel-linux-x86_64-debian-clang 0.8.4.1 4.42 27.85 32.27 NOTE
r-devel-linux-x86_64-debian-gcc 0.8.4.1 3.47 22.31 25.78 NOTE
r-devel-linux-x86_64-fedora-clang 0.8.4.1 39.39 NOTE
r-devel-linux-x86_64-fedora-gcc 0.8.4.1 37.13 NOTE
r-devel-windows-ix86+x86_64 0.8.4.1 28.00 70.00 98.00 WARN
r-patched-linux-x86_64 0.8.4.1 3.36 26.21 29.57 NOTE
r-patched-solaris-x86 0.8.4.1 54.40 NOTE
r-release-linux-x86_64 0.8.4.1 3.16 26.25 29.41 NOTE
r-release-windows-ix86+x86_64 0.8.4.1 23.00 79.00 102.00 NOTE
r-release-osx-x86_64 0.8.4.1 NOTE
r-oldrel-windows-ix86+x86_64 0.8.4.1 12.00 68.00 80.00 NOTE
r-oldrel-osx-x86_64 0.8.4.1 NOTE

Additional issues

clang-UBSAN gcc-UBSAN

Check Details

Version: 0.8.4.1
Check: DESCRIPTION meta-information
Result: NOTE
    Malformed Title field: should not end in a period.
Flavors: r-devel-linux-x86_64-debian-clang, r-devel-linux-x86_64-debian-gcc, r-devel-linux-x86_64-fedora-clang, r-devel-linux-x86_64-fedora-gcc, r-devel-windows-ix86+x86_64, r-patched-linux-x86_64, r-patched-solaris-x86, r-release-linux-x86_64, r-release-windows-ix86+x86_64, r-release-osx-x86_64, r-oldrel-windows-ix86+x86_64, r-oldrel-osx-x86_64

Version: 0.8.4.1
Check: R code for possible problems
Result: NOTE
    anon_matrix: no visible global function definition for
     'filebacked.big.matrix'
    anon_matrix: no visible global function definition for 'capture.output'
    finalize_anon_matrix: no visible global function definition for
     'capture.output'
    Undefined global functions or variables:
     capture.output filebacked.big.matrix
    Consider adding
     importFrom("utils", "capture.output")
    to your NAMESPACE file.
Flavors: r-devel-linux-x86_64-debian-clang, r-devel-linux-x86_64-debian-gcc, r-devel-linux-x86_64-fedora-clang, r-devel-linux-x86_64-fedora-gcc, r-devel-windows-ix86+x86_64, r-patched-linux-x86_64, r-patched-solaris-x86, r-release-linux-x86_64, r-release-windows-ix86+x86_64, r-release-osx-x86_64, r-oldrel-windows-ix86+x86_64, r-oldrel-osx-x86_64

Version: 0.8.4.1
Check: compiled code
Result: NOTE
    File ‘bigalgebra/libs/bigalgebra.so’:
     Found no calls to: ‘R_registerRoutines’, ‘R_useDynamicSymbols’
    
    It is good practice to register native routines and to disable symbol
    search.
    
    See ‘Writing portable packages’ in the ‘Writing R Extensions’ manual.
Flavors: r-devel-linux-x86_64-fedora-clang, r-devel-linux-x86_64-fedora-gcc

Version: 0.8.4.1
Check: whether package can be installed
Result: WARN
    Found the following significant warnings:
     d:/RCompile/CRANpkg/lib/3.6/BH/include/boost/interprocess/detail/win32_api.hpp:151:9: warning: ISO C++ prohibits anonymous structs [-Wpedantic]
     d:/RCompile/CRANpkg/lib/3.6/BH/include/boost/interprocess/detail/win32_api.hpp:159:9: warning: ISO C++ prohibits anonymous structs [-Wpedantic]
     d:/RCompile/CRANpkg/lib/3.6/BH/include/boost/interprocess/detail/win32_api.hpp:184:13: warning: ISO C++ prohibits anonymous structs [-Wpedantic]
     d:/RCompile/CRANpkg/lib/3.6/BH/include/boost/interprocess/detail/win32_api.hpp:186:7: warning: ISO C++ prohibits anonymous structs [-Wpedantic]
     d:/RCompile/CRANpkg/lib/3.6/BH/include/boost/winapi/basic_types.hpp:212:44: warning: ISO C++ 1998 does not support 'long long' [-Wlong-long]
     d:/RCompile/CRANpkg/lib/3.6/BH/include/boost/winapi/basic_types.hpp:213:53: warning: ISO C++ 1998 does not support 'long long' [-Wlong-long]
Flavor: r-devel-windows-ix86+x86_64