CRAN Package Check Results for Package bigtime

Last updated on 2019-03-27 00:47:47 CET.

Flavor Version Tinstall Tcheck Ttotal Status Flags
r-devel-linux-x86_64-debian-clang 0.1.0 30.83 51.52 82.35 OK
r-devel-linux-x86_64-debian-gcc 0.1.0 25.28 38.56 63.84 OK
r-devel-linux-x86_64-fedora-clang 0.1.0 110.49 NOTE
r-devel-linux-x86_64-fedora-gcc 0.1.0 102.62 NOTE
r-devel-windows-ix86+x86_64 0.1.0 87.00 96.00 183.00 OK
r-patched-linux-x86_64 0.1.0 31.44 49.00 80.44 OK
r-patched-solaris-x86 0.1.0 121.60 NOTE
r-release-linux-x86_64 0.1.0 28.67 48.19 76.86 OK
r-release-windows-ix86+x86_64 0.1.0 91.00 134.00 225.00 OK
r-release-osx-x86_64 0.1.0 NOTE
r-oldrel-windows-ix86+x86_64 0.1.0 62.00 103.00 165.00 OK
r-oldrel-osx-x86_64 0.1.0 NOTE

Check Details

Version: 0.1.0
Check: dependencies in R code
Result: NOTE
    Namespaces in Imports field not imported from:
     ‘MASS’ ‘lattice’ ‘zoo’
     All declared Imports should be used.
Flavors: r-devel-linux-x86_64-fedora-clang, r-devel-linux-x86_64-fedora-gcc, r-patched-solaris-x86, r-release-osx-x86_64, r-oldrel-osx-x86_64