Last updated on 2019-03-27 00:47:47 CET.
Flavor | Version | Tinstall | Tcheck | Ttotal | Status | Flags |
---|---|---|---|---|---|---|
r-devel-linux-x86_64-debian-clang | 0.9-19 | 1.97 | 24.50 | 26.47 | NOTE | |
r-devel-linux-x86_64-debian-gcc | 0.9-19 | 1.56 | 19.51 | 21.07 | NOTE | |
r-devel-linux-x86_64-fedora-clang | 0.9-19 | 31.08 | NOTE | |||
r-devel-linux-x86_64-fedora-gcc | 0.9-19 | 29.63 | NOTE | |||
r-devel-windows-ix86+x86_64 | 0.9-19 | 10.00 | 47.00 | 57.00 | NOTE | |
r-patched-linux-x86_64 | 0.9-19 | 1.19 | 22.76 | 23.95 | NOTE | |
r-patched-solaris-x86 | 0.9-19 | 42.70 | NOTE | |||
r-release-linux-x86_64 | 0.9-19 | 1.26 | 22.76 | 24.02 | NOTE | |
r-release-windows-ix86+x86_64 | 0.9-19 | 3.00 | 34.00 | 37.00 | NOTE | |
r-release-osx-x86_64 | 0.9-19 | NOTE | ||||
r-oldrel-windows-ix86+x86_64 | 0.9-19 | 2.00 | 50.00 | 52.00 | NOTE | |
r-oldrel-osx-x86_64 | 0.9-19 | NOTE |
Version: 0.9-19
Check: R code for possible problems
Result: NOTE
commonprob2sigma: no visible global function definition for 'approxfun'
rmvbin: no visible global function definition for 'qnorm'
simul.commonprob: no visible global function definition for 'qnorm'
Undefined global functions or variables:
approxfun qnorm
Consider adding
importFrom("stats", "approxfun", "qnorm")
to your NAMESPACE file.
Flavors: r-devel-linux-x86_64-debian-clang, r-devel-linux-x86_64-debian-gcc, r-devel-linux-x86_64-fedora-clang, r-devel-linux-x86_64-fedora-gcc, r-devel-windows-ix86+x86_64, r-patched-linux-x86_64, r-patched-solaris-x86, r-release-linux-x86_64, r-release-windows-ix86+x86_64, r-release-osx-x86_64, r-oldrel-windows-ix86+x86_64, r-oldrel-osx-x86_64