Last updated on 2019-03-27 00:47:47 CET.
Flavor | Version | Tinstall | Tcheck | Ttotal | Status | Flags |
---|---|---|---|---|---|---|
r-devel-linux-x86_64-debian-clang | 0.2.0 | 118.61 | 47.90 | 166.51 | OK | |
r-devel-linux-x86_64-debian-gcc | 0.2.0 | 98.02 | 37.54 | 135.56 | OK | |
r-devel-linux-x86_64-fedora-clang | 0.2.0 | 246.58 | NOTE | |||
r-devel-linux-x86_64-fedora-gcc | 0.2.0 | 223.49 | NOTE | |||
r-devel-windows-ix86+x86_64 | 0.2.0 | 291.00 | 126.00 | 417.00 | NOTE | |
r-patched-linux-x86_64 | 0.2.0 | 119.42 | 42.96 | 162.38 | OK | |
r-patched-solaris-x86 | 0.2.0 | 238.30 | NOTE | |||
r-release-linux-x86_64 | 0.2.0 | 114.22 | 42.78 | 157.00 | OK | |
r-release-windows-ix86+x86_64 | 0.2.0 | 283.00 | 96.00 | 379.00 | NOTE | |
r-release-osx-x86_64 | 0.2.0 | ERROR | ||||
r-oldrel-windows-ix86+x86_64 | 0.2.0 | 225.00 | 113.00 | 338.00 | NOTE | |
r-oldrel-osx-x86_64 | 0.2.0 | ERROR |
Version: 0.2.0
Check: installed package size
Result: NOTE
installed size is 5.7Mb
sub-directories of 1Mb or more:
libs 4.1Mb
Flavors: r-devel-linux-x86_64-fedora-clang, r-devel-windows-ix86+x86_64, r-patched-solaris-x86, r-release-windows-ix86+x86_64, r-oldrel-windows-ix86+x86_64
Version: 0.2.0
Check: for GNU extensions in Makefiles
Result: NOTE
GNU make is a SystemRequirements.
Flavors: r-devel-linux-x86_64-fedora-clang, r-devel-linux-x86_64-fedora-gcc
Version: 0.2.0
Check: whether package can be installed
Result: ERROR
Installation failed.
Flavors: r-release-osx-x86_64, r-oldrel-osx-x86_64