Last updated on 2019-03-27 00:47:47 CET.
Flavor | Version | Tinstall | Tcheck | Ttotal | Status | Flags |
---|---|---|---|---|---|---|
r-devel-linux-x86_64-debian-clang | 0.4.2 | 83.71 | 101.83 | 185.54 | OK | |
r-devel-linux-x86_64-debian-gcc | 0.4.2 | 66.74 | 72.51 | 139.25 | OK | |
r-devel-linux-x86_64-fedora-clang | 0.4.2 | 267.58 | NOTE | |||
r-devel-linux-x86_64-fedora-gcc | 0.4.2 | 233.92 | OK | |||
r-devel-windows-ix86+x86_64 | 0.4.2 | 278.00 | 187.00 | 465.00 | OK | |
r-patched-linux-x86_64 | 0.4.2 | 83.38 | 102.03 | 185.41 | OK | |
r-patched-solaris-x86 | 0.4.2 | 247.80 | OK | |||
r-release-linux-x86_64 | 0.4.2 | 83.04 | 100.69 | 183.73 | OK | |
r-release-windows-ix86+x86_64 | 0.4.2 | 239.00 | 253.00 | 492.00 | OK | |
r-release-osx-x86_64 | 0.4.2 | NOTE | ||||
r-oldrel-windows-ix86+x86_64 | 0.4.2 | 191.00 | 189.00 | 380.00 | OK | |
r-oldrel-osx-x86_64 | 0.4.2 | NOTE |
Version: 0.4.2
Check: installed package size
Result: NOTE
installed size is 6.6Mb
sub-directories of 1Mb or more:
libs 5.8Mb
Flavors: r-devel-linux-x86_64-fedora-clang, r-release-osx-x86_64, r-oldrel-osx-x86_64