Last updated on 2019-03-27 00:47:48 CET.
Flavor | Version | Tinstall | Tcheck | Ttotal | Status | Flags |
---|---|---|---|---|---|---|
r-devel-linux-x86_64-debian-clang | 0.1.2 | 9.38 | 79.63 | 89.01 | WARN | |
r-devel-linux-x86_64-debian-gcc | 0.1.2 | 7.31 | 63.66 | 70.97 | OK | |
r-devel-linux-x86_64-fedora-clang | 0.1.2 | 109.66 | OK | |||
r-devel-linux-x86_64-fedora-gcc | 0.1.2 | 102.88 | OK | |||
r-devel-windows-ix86+x86_64 | 0.1.2 | 17.00 | 134.00 | 151.00 | OK | |
r-patched-linux-x86_64 | 0.1.2 | 6.31 | 75.82 | 82.13 | OK | |
r-patched-solaris-x86 | 0.1.2 | 156.90 | OK | |||
r-release-linux-x86_64 | 0.1.2 | 6.38 | 75.66 | 82.04 | OK | |
r-release-windows-ix86+x86_64 | 0.1.2 | 14.00 | 97.00 | 111.00 | OK | |
r-release-osx-x86_64 | 0.1.2 | OK | ||||
r-oldrel-windows-ix86+x86_64 | 0.1.2 | 9.00 | 117.00 | 126.00 | OK | |
r-oldrel-osx-x86_64 | 0.1.2 | OK |
Version: 0.1.2
Check: whether package can be installed
Result: WARN
Found the following significant warnings:
Warning: unable to re-encode 'medlateweight.R' line 25
Warning: unable to re-encode 'treatweight.R' line 26
Flavor: r-devel-linux-x86_64-debian-clang