Last updated on 2019-03-27 00:47:48 CET.
Flavor | Version | Tinstall | Tcheck | Ttotal | Status | Flags |
---|---|---|---|---|---|---|
r-devel-linux-x86_64-debian-clang | 0.2-4 | 183.88 | 51.13 | 235.01 | OK | |
r-devel-linux-x86_64-debian-gcc | 0.2-4 | 150.40 | 39.00 | 189.40 | OK | |
r-devel-linux-x86_64-fedora-clang | 0.2-4 | 365.35 | NOTE | |||
r-devel-linux-x86_64-fedora-gcc | 0.2-4 | 314.90 | NOTE | |||
r-devel-windows-ix86+x86_64 | 0.2-4 | 414.00 | 126.00 | 540.00 | OK | |
r-patched-linux-x86_64 | 0.2-4 | 176.91 | 48.78 | 225.69 | OK | |
r-patched-solaris-x86 | 0.2-4 | 285.80 | OK | |||
r-release-linux-x86_64 | 0.2-4 | 172.48 | 47.78 | 220.26 | OK | |
r-release-windows-ix86+x86_64 | 0.2-4 | 405.00 | 128.00 | 533.00 | OK | |
r-release-osx-x86_64 | 0.2-4 | NOTE | ||||
r-oldrel-windows-ix86+x86_64 | 0.2-4 | 338.00 | 96.00 | 434.00 | OK | |
r-oldrel-osx-x86_64 | 0.2-4 | NOTE |
Version: 0.2-4
Check: installed package size
Result: NOTE
installed size is 17.9Mb
sub-directories of 1Mb or more:
libs 17.6Mb
Flavors: r-devel-linux-x86_64-fedora-clang, r-release-osx-x86_64, r-oldrel-osx-x86_64
Version: 0.2-4
Check: compiled code
Result: NOTE
File ‘cccp/libs/cccp.so’:
Found no calls to: ‘R_registerRoutines’, ‘R_useDynamicSymbols’
It is good practice to register native routines and to disable symbol
search.
See ‘Writing portable packages’ in the ‘Writing R Extensions’ manual.
Flavors: r-devel-linux-x86_64-fedora-clang, r-devel-linux-x86_64-fedora-gcc