CRAN Package Check Results for Package chorrrds

Last updated on 2019-03-27 00:47:48 CET.

Flavor Version Tinstall Tcheck Ttotal Status Flags
r-devel-linux-x86_64-debian-clang 0.1.8 6.26 35.29 41.55 OK
r-devel-linux-x86_64-debian-gcc 0.1.8 6.47 29.34 35.81 OK
r-devel-linux-x86_64-fedora-clang 0.1.8 51.31 NOTE
r-devel-linux-x86_64-fedora-gcc 0.1.8 50.73 NOTE
r-devel-windows-ix86+x86_64 0.1.8 12.00 42.00 54.00 OK
r-patched-linux-x86_64 0.1.8 6.19 31.42 37.61 OK
r-patched-solaris-x86 0.1.8 82.40 NOTE
r-release-linux-x86_64 0.1.8 4.31 31.48 35.79 OK
r-release-windows-ix86+x86_64 0.1.8 10.00 44.00 54.00 OK
r-release-osx-x86_64 0.1.8 NOTE
r-oldrel-windows-ix86+x86_64 0.1.8 8.00 50.00 58.00 OK
r-oldrel-osx-x86_64 0.1.8 NOTE

Check Details

Version: 0.1.8
Check: data for non-ASCII characters
Result: NOTE
     Note: found 4004 marked UTF-8 strings
Flavors: r-devel-linux-x86_64-fedora-clang, r-devel-linux-x86_64-fedora-gcc, r-patched-solaris-x86, r-release-osx-x86_64, r-oldrel-osx-x86_64