Last updated on 2019-03-27 00:47:49 CET.
Flavor | Version | Tinstall | Tcheck | Ttotal | Status | Flags |
---|---|---|---|---|---|---|
r-devel-linux-x86_64-debian-clang | 1.5 | 23.31 | 24.97 | 48.28 | OK | |
r-devel-linux-x86_64-debian-gcc | 1.5 | 17.46 | 19.65 | 37.11 | OK | |
r-devel-linux-x86_64-fedora-clang | 1.5 | 71.75 | NOTE | |||
r-devel-linux-x86_64-fedora-gcc | 1.5 | 59.86 | NOTE | |||
r-devel-windows-ix86+x86_64 | 1.5 | 70.00 | 71.00 | 141.00 | OK | |
r-patched-linux-x86_64 | 1.5 | 20.98 | 23.47 | 44.45 | OK | |
r-patched-solaris-x86 | 1.5 | 70.10 | OK | |||
r-release-linux-x86_64 | 1.5 | 19.75 | 23.50 | 43.25 | OK | |
r-release-windows-ix86+x86_64 | 1.5 | 67.00 | 79.00 | 146.00 | OK | |
r-release-osx-x86_64 | 1.5 | OK | ||||
r-oldrel-windows-ix86+x86_64 | 1.5 | 48.00 | 72.00 | 120.00 | OK | |
r-oldrel-osx-x86_64 | 1.5 | OK |
Version: 1.5
Check: compiled code
Result: NOTE
File ‘clogitL1/libs/clogitL1.so’:
Found no calls to: ‘R_registerRoutines’, ‘R_useDynamicSymbols’
It is good practice to register native routines and to disable symbol
search.
See ‘Writing portable packages’ in the ‘Writing R Extensions’ manual.
Flavors: r-devel-linux-x86_64-fedora-clang, r-devel-linux-x86_64-fedora-gcc