CRAN Package Check Results for Package clustMD

Last updated on 2019-03-27 00:47:49 CET.

Flavor Version Tinstall Tcheck Ttotal Status Flags
r-devel-linux-x86_64-debian-clang 1.2.1 5.61 42.25 47.86 OK
r-devel-linux-x86_64-debian-gcc 1.2.1 4.45 33.73 38.18 OK
r-devel-linux-x86_64-fedora-clang 1.2.1 60.41 OK
r-devel-linux-x86_64-fedora-gcc 1.2.1 54.35 OK
r-devel-windows-ix86+x86_64 1.2.1 12.00 56.00 68.00 OK
r-patched-linux-x86_64 1.2.1 4.60 41.56 46.16 NOTE
r-patched-solaris-x86 1.2.1 84.40 OK
r-release-linux-x86_64 1.2.1 4.74 40.80 45.54 NOTE
r-release-windows-ix86+x86_64 1.2.1 10.00 57.00 67.00 OK
r-release-osx-x86_64 1.2.1 OK
r-oldrel-windows-ix86+x86_64 1.2.1 6.00 64.00 70.00 OK
r-oldrel-osx-x86_64 1.2.1 OK

Check Details

Version: 1.2.1
Check: DESCRIPTION meta-information
Result: NOTE
    Dependence on R version ‘3.3.2’ not with patchlevel 0
Flavors: r-patched-linux-x86_64, r-release-linux-x86_64