Last updated on 2019-03-27 00:47:49 CET.
Flavor | Version | Tinstall | Tcheck | Ttotal | Status | Flags |
---|---|---|---|---|---|---|
r-devel-linux-x86_64-debian-clang | 3.1 | 12.16 | 121.95 | 134.11 | OK | |
r-devel-linux-x86_64-debian-gcc | 3.1 | 12.78 | 95.40 | 108.18 | OK | |
r-devel-linux-x86_64-fedora-clang | 3.1 | 169.79 | NOTE | |||
r-devel-linux-x86_64-fedora-gcc | 3.1 | 154.90 | NOTE | |||
r-devel-windows-ix86+x86_64 | 3.1 | 27.00 | 182.00 | 209.00 | OK | |
r-patched-linux-x86_64 | 3.1 | 9.78 | 117.18 | 126.96 | OK | |
r-patched-solaris-x86 | 3.1 | 224.00 | NOTE | |||
r-release-linux-x86_64 | 3.1 | 8.46 | 117.57 | 126.03 | OK | |
r-release-windows-ix86+x86_64 | 3.1 | 25.00 | 136.00 | 161.00 | OK | |
r-release-osx-x86_64 | 3.1 | NOTE | ||||
r-oldrel-windows-ix86+x86_64 | 3.1 | 15.00 | 160.00 | 175.00 | OK | |
r-oldrel-osx-x86_64 | 3.1 | NOTE |
Version: 3.1
Check: dependencies in R code
Result: NOTE
Namespaces in Imports field not imported from:
‘flashClust’ ‘speedglm’
All declared Imports should be used.
Flavors: r-devel-linux-x86_64-fedora-clang, r-devel-linux-x86_64-fedora-gcc, r-patched-solaris-x86, r-release-osx-x86_64, r-oldrel-osx-x86_64