CRAN Package Check Results for Package colordistance

Last updated on 2019-03-27 00:47:49 CET.

Flavor Version Tinstall Tcheck Ttotal Status Flags
r-devel-linux-x86_64-debian-clang 1.1.0 3.79 123.44 127.23 OK
r-devel-linux-x86_64-debian-gcc 1.1.0 2.73 92.52 95.25 OK
r-devel-linux-x86_64-fedora-clang 1.1.0 153.78 NOTE
r-devel-linux-x86_64-fedora-gcc 1.1.0 141.57 NOTE
r-devel-windows-ix86+x86_64 1.1.0 9.00 134.00 143.00 OK
r-patched-linux-x86_64 1.1.0 2.95 146.70 149.65 OK
r-patched-solaris-x86 1.1.0 242.20 NOTE
r-release-linux-x86_64 1.1.0 2.92 146.80 149.72 OK
r-release-windows-ix86+x86_64 1.1.0 8.00 201.00 209.00 OK
r-release-osx-x86_64 1.1.0 NOTE
r-oldrel-windows-ix86+x86_64 1.1.0 5.00 195.00 200.00 OK
r-oldrel-osx-x86_64 1.1.0 NOTE

Check Details

Version: 1.1.0
Check: dependencies in R code
Result: NOTE
    Namespace in Imports field not imported from: ‘magrittr’
     All declared Imports should be used.
Flavors: r-devel-linux-x86_64-fedora-clang, r-devel-linux-x86_64-fedora-gcc, r-patched-solaris-x86, r-release-osx-x86_64, r-oldrel-osx-x86_64