Last updated on 2019-03-27 00:47:49 CET.
Flavor | Version | Tinstall | Tcheck | Ttotal | Status | Flags |
---|---|---|---|---|---|---|
r-devel-linux-x86_64-debian-clang | 1.0.3 | 7.51 | 61.52 | 69.03 | NOTE | |
r-devel-linux-x86_64-debian-gcc | 1.0.3 | 5.78 | 47.96 | 53.74 | NOTE | |
r-devel-linux-x86_64-fedora-clang | 1.0.3 | 88.52 | NOTE | |||
r-devel-linux-x86_64-fedora-gcc | 1.0.3 | 78.69 | NOTE | |||
r-devel-windows-ix86+x86_64 | 1.0.3 | 30.00 | 84.00 | 114.00 | NOTE | |
r-patched-linux-x86_64 | 1.0.3 | 5.60 | 58.28 | 63.88 | NOTE | |
r-patched-solaris-x86 | 1.0.3 | 105.90 | NOTE | |||
r-release-linux-x86_64 | 1.0.3 | 4.84 | 58.56 | 63.40 | NOTE | |
r-release-windows-ix86+x86_64 | 1.0.3 | 17.00 | 101.00 | 118.00 | NOTE | |
r-release-osx-x86_64 | 1.0.3 | NOTE | ||||
r-oldrel-windows-ix86+x86_64 | 1.0.3 | 11.00 | 103.00 | 114.00 | NOTE | |
r-oldrel-osx-x86_64 | 1.0.3 | NOTE |
Version: 1.0.3
Check: package dependencies
Result: NOTE
Package suggested but not available for checking: 'inSilicoDb'
Flavors: r-devel-linux-x86_64-debian-clang, r-devel-linux-x86_64-debian-gcc, r-devel-linux-x86_64-fedora-clang, r-devel-linux-x86_64-fedora-gcc, r-devel-windows-ix86+x86_64, r-patched-linux-x86_64, r-patched-solaris-x86, r-release-linux-x86_64, r-release-windows-ix86+x86_64
Version: 1.0.3
Check: package dependencies
Result: NOTE
Packages suggested but not available for checking:
‘inSilicoDb’ ‘mogene10sttranscriptcluster.db’
Flavors: r-release-osx-x86_64, r-oldrel-osx-x86_64
Version: 1.0.3
Check: package dependencies
Result: NOTE
Package suggested but not available for checking: 'mogene10sttranscriptcluster.db'
Flavor: r-oldrel-windows-ix86+x86_64