CRAN Package Check Results for Package contoureR

Last updated on 2019-03-27 00:47:49 CET.

Flavor Version Tinstall Tcheck Ttotal Status Flags
r-devel-linux-x86_64-debian-clang 1.0.5 31.32 28.37 59.69 OK
r-devel-linux-x86_64-debian-gcc 1.0.5 21.37 23.28 44.65 OK
r-devel-linux-x86_64-fedora-clang 1.0.5 86.25 NOTE
r-devel-linux-x86_64-fedora-gcc 1.0.5 75.14 NOTE
r-devel-windows-ix86+x86_64 1.0.5 90.00 68.00 158.00 OK
r-patched-linux-x86_64 1.0.5 24.12 27.54 51.66 OK
r-patched-solaris-x86 1.0.5 84.90 OK
r-release-linux-x86_64 1.0.5 27.26 27.33 54.59 OK
r-release-windows-ix86+x86_64 1.0.5 86.00 65.00 151.00 OK
r-release-osx-x86_64 1.0.5 OK
r-oldrel-windows-ix86+x86_64 1.0.5 71.00 72.00 143.00 OK
r-oldrel-osx-x86_64 1.0.5 OK

Check Details

Version: 1.0.5
Check: compiled code
Result: NOTE
    File ‘contoureR/libs/contoureR.so’:
     Found no calls to: ‘R_registerRoutines’, ‘R_useDynamicSymbols’
    
    It is good practice to register native routines and to disable symbol
    search.
    
    See ‘Writing portable packages’ in the ‘Writing R Extensions’ manual.
Flavors: r-devel-linux-x86_64-fedora-clang, r-devel-linux-x86_64-fedora-gcc