CRAN Package Check Results for Package cooccurNet

Last updated on 2019-03-27 00:47:49 CET.

Flavor Version Tinstall Tcheck Ttotal Status Flags
r-devel-linux-x86_64-debian-clang 0.1.6 4.63 71.93 76.56 OK
r-devel-linux-x86_64-debian-gcc 0.1.6 3.33 55.23 58.56 OK
r-devel-linux-x86_64-fedora-clang 0.1.6 89.59 NOTE
r-devel-linux-x86_64-fedora-gcc 0.1.6 84.22 NOTE
r-devel-windows-ix86+x86_64 0.1.6 11.00 85.00 96.00 OK
r-patched-linux-x86_64 0.1.6 2.30 69.97 72.27 OK
r-patched-solaris-x86 0.1.6 67.90 ERROR
r-release-linux-x86_64 0.1.6 3.65 70.91 74.56 OK
r-release-windows-ix86+x86_64 0.1.6 7.00 110.00 117.00 OK
r-release-osx-x86_64 0.1.6 NOTE
r-oldrel-windows-ix86+x86_64 0.1.6 4.00 97.00 101.00 OK
r-oldrel-osx-x86_64 0.1.6 NOTE

Check Details

Version: 0.1.6
Check: dependencies in R code
Result: NOTE
    Namespace in Imports field not imported from: ‘knitr’
     All declared Imports should be used.
Flavors: r-devel-linux-x86_64-fedora-clang, r-devel-linux-x86_64-fedora-gcc, r-patched-solaris-x86, r-release-osx-x86_64, r-oldrel-osx-x86_64

Version: 0.1.6
Check: examples
Result: ERROR
    Running examples in ‘cooccurNet-Ex.R’ failed
    The error most likely occurred in:
    
    > ### Name: coocnet
    > ### Title: coocnet
    > ### Aliases: coocnet
    >
    > ### ** Examples
    >
    > cooccurNetwork = coocnet(dataFile=getexample(dataType="protein"), dataType="protein")
    reading file......
    completed. (10,329)
    preprocess file......Error in if (pred >= memsize * alpha || ncol > 150 || (nrow > 30000 & :
     missing value where TRUE/FALSE needed
    Calls: coocnet ... cooccur.dataprepreprocess.preprocess -> inmemoryflag
    Execution halted
Flavor: r-patched-solaris-x86

Version: 0.1.6
Check: re-building of vignette outputs
Result: WARN
    Error in re-building vignettes:
     ...
    Warning in engine$weave(file, quiet = quiet, encoding = enc) :
     The vignette engine knitr::rmarkdown is not available, because the rmarkdown package is not installed. Please install it.
    Quitting from lines 176-178 (Extending-cooccurNet.Rmd)
    Error: processing vignette 'Extending-cooccurNet.Rmd' failed with diagnostics:
    missing value where TRUE/FALSE needed
    Execution halted
Flavor: r-patched-solaris-x86