CRAN Package Check Results for Package cowbell

Last updated on 2019-03-27 00:47:49 CET.

Flavor Version Tinstall Tcheck Ttotal Status Flags
r-devel-linux-x86_64-debian-clang 0.1.0 2.23 67.01 69.24 OK
r-devel-linux-x86_64-debian-gcc 0.1.0 1.88 51.82 53.70 OK
r-devel-linux-x86_64-fedora-clang 0.1.0 81.17 NOTE
r-devel-linux-x86_64-fedora-gcc 0.1.0 77.00 NOTE
r-devel-windows-ix86+x86_64 0.1.0 4.00 93.00 97.00 OK
r-patched-linux-x86_64 0.1.0 1.57 66.68 68.25 OK
r-patched-solaris-x86 0.1.0 109.10 NOTE
r-release-linux-x86_64 0.1.0 1.54 66.63 68.17 OK
r-release-windows-ix86+x86_64 0.1.0 5.00 79.00 84.00 OK
r-release-osx-x86_64 0.1.0 NOTE
r-oldrel-windows-ix86+x86_64 0.1.0 3.00 166.00 169.00 OK
r-oldrel-osx-x86_64 0.1.0 NOTE

Check Details

Version: 0.1.0
Check: dependencies in R code
Result: NOTE
    Namespaces in Imports field not imported from:
     ‘ggplot2’ ‘misc3d’
     All declared Imports should be used.
Flavors: r-devel-linux-x86_64-fedora-clang, r-devel-linux-x86_64-fedora-gcc, r-patched-solaris-x86, r-release-osx-x86_64, r-oldrel-osx-x86_64