Last updated on 2019-03-27 00:47:50 CET.
Flavor | Version | Tinstall | Tcheck | Ttotal | Status | Flags |
---|---|---|---|---|---|---|
r-devel-linux-x86_64-debian-clang | 0.3 | 5.45 | 410.53 | 415.98 | OK | |
r-devel-linux-x86_64-debian-gcc | 0.3 | 4.06 | 305.00 | 309.06 | OK | |
r-devel-linux-x86_64-fedora-clang | 0.3 | 211.29 | NOTE | |||
r-devel-linux-x86_64-fedora-gcc | 0.3 | 512.81 | OK | |||
r-devel-windows-ix86+x86_64 | 0.3 | 13.00 | 507.00 | 520.00 | NOTE | |
r-patched-linux-x86_64 | 0.3 | 4.11 | 370.93 | 375.04 | OK | |
r-patched-solaris-x86 | 0.3 | 213.00 | WARN | |||
r-release-linux-x86_64 | 0.3 | 3.45 | 378.79 | 382.24 | OK | |
r-release-windows-ix86+x86_64 | 0.3 | 17.00 | 405.00 | 422.00 | NOTE | |
r-release-osx-x86_64 | 0.3 | WARN | ||||
r-oldrel-windows-ix86+x86_64 | 0.3 | 8.00 | 477.00 | 485.00 | NOTE | |
r-oldrel-osx-x86_64 | 0.3 | WARN |
Version: 0.3
Check: installed package size
Result: NOTE
installed size is 6.6Mb
sub-directories of 1Mb or more:
doc 6.4Mb
Flavors: r-devel-linux-x86_64-fedora-clang, r-devel-windows-ix86+x86_64, r-patched-solaris-x86, r-release-windows-ix86+x86_64, r-release-osx-x86_64, r-oldrel-windows-ix86+x86_64, r-oldrel-osx-x86_64
Version: 0.3
Check: re-building of vignette outputs
Result: WARN
Error in re-building vignettes:
...
Warning in engine$weave(file, quiet = quiet, encoding = enc) :
Pandoc (>= 1.12.3) and/or pandoc-citeproc not available. Falling back to R Markdown v1.
Quitting from lines 77-78 (cranly.Rmd)
Error: processing vignette 'cranly.Rmd' failed with diagnostics:
there is no package called 'webshot'
Execution halted
Flavor: r-patched-solaris-x86
Version: 0.3
Check: re-building of vignette outputs
Result: WARN
Error in re-building vignettes:
...
Warning in engine$weave(file, quiet = quiet, encoding = enc) :
Pandoc (>= 1.12.3) and/or pandoc-citeproc not available. Falling back to R Markdown v1.
Quitting from lines 77-78 (cranly.Rmd)
Error: processing vignette 'cranly.Rmd' failed with diagnostics:
cannot open the connection
Execution halted
Flavors: r-release-osx-x86_64, r-oldrel-osx-x86_64