CRAN Package Check Results for Package crawl

Last updated on 2019-03-27 00:47:50 CET.

Flavor Version Tinstall Tcheck Ttotal Status Flags
r-devel-linux-x86_64-debian-clang 2.2.1 126.00 45.76 171.76 OK
r-devel-linux-x86_64-debian-gcc 2.2.1 89.33 36.76 126.09 OK
r-devel-linux-x86_64-fedora-clang 2.2.1 255.01 NOTE
r-devel-linux-x86_64-fedora-gcc 2.2.1 219.23 NOTE
r-devel-windows-ix86+x86_64 2.2.1 217.00 114.00 331.00 OK --no-vignettes
r-patched-linux-x86_64 2.2.1 114.43 42.66 157.09 OK
r-patched-solaris-x86 2.2.1 191.40 NOTE
r-release-linux-x86_64 2.2.1 104.34 42.40 146.74 OK
r-release-windows-ix86+x86_64 2.2.1 253.00 104.00 357.00 OK --no-vignettes
r-release-osx-x86_64 2.2.1 NOTE
r-oldrel-windows-ix86+x86_64 2.2.1 205.00 114.00 319.00 OK --no-vignettes
r-oldrel-osx-x86_64 2.2.1 NOTE

Check Details

Version: 2.2.1
Check: installed package size
Result: NOTE
     installed size is 6.4Mb
     sub-directories of 1Mb or more:
     libs 5.8Mb
Flavor: r-devel-linux-x86_64-fedora-clang

Version: 2.2.1
Check: dependencies in R code
Result: NOTE
    Namespaces in Imports field not imported from:
     ‘gdistance’ ‘raster’
     All declared Imports should be used.
Flavors: r-devel-linux-x86_64-fedora-clang, r-devel-linux-x86_64-fedora-gcc, r-patched-solaris-x86, r-release-osx-x86_64, r-oldrel-osx-x86_64