CRAN Package Check Results for Package crfsuite

Last updated on 2019-03-27 00:47:50 CET.

Flavor Version Tinstall Tcheck Ttotal Status Flags
r-devel-linux-x86_64-debian-clang 0.2 46.69 114.10 160.79 NOTE
r-devel-linux-x86_64-debian-gcc 0.2 37.62 105.34 142.96 NOTE
r-devel-linux-x86_64-fedora-clang 0.2 221.70 NOTE
r-devel-linux-x86_64-fedora-gcc 0.2 226.73 NOTE
r-devel-windows-ix86+x86_64 0.2 159.00 124.00 283.00 WARN
r-patched-linux-x86_64 0.2 44.45 134.91 179.36 NOTE
r-patched-solaris-x86 0.2 308.40 NOTE
r-release-linux-x86_64 0.2 46.74 136.38 183.12 NOTE
r-release-windows-ix86+x86_64 0.2 162.00 178.00 340.00 NOTE
r-release-osx-x86_64 0.2 NOTE
r-oldrel-windows-ix86+x86_64 0.2 125.00 216.00 341.00 NOTE
r-oldrel-osx-x86_64 0.2 NOTE

Check Details

Version: 0.2
Check: line endings in C/C++/Fortran sources/headers
Result: NOTE
    Found the following sources/headers with CR or CRLF line endings:
     src/include/crfsuite.hpp
     src/include/crfsuite_api.hpp
    Some Unix compilers require LF line endings.
Flavors: r-devel-linux-x86_64-debian-clang, r-devel-linux-x86_64-debian-gcc, r-devel-linux-x86_64-fedora-clang, r-devel-linux-x86_64-fedora-gcc, r-devel-windows-ix86+x86_64

Version: 0.2
Check: for GNU extensions in Makefiles
Result: NOTE
    GNU make is a SystemRequirements.
Flavors: r-devel-linux-x86_64-debian-clang, r-devel-linux-x86_64-debian-gcc, r-devel-linux-x86_64-fedora-clang, r-devel-linux-x86_64-fedora-gcc, r-devel-windows-ix86+x86_64, r-patched-linux-x86_64, r-patched-solaris-x86, r-release-linux-x86_64, r-release-windows-ix86+x86_64, r-release-osx-x86_64, r-oldrel-windows-ix86+x86_64, r-oldrel-osx-x86_64

Version: 0.2
Check: re-building of vignette outputs
Result: WARN
    Error(s) in re-building vignettes:
    --- re-building 'crfsuite-nlp.Rmd' using rmarkdown
    Warning in engine$weave(file, quiet = quiet, encoding = enc) :
     The vignette engine knitr::rmarkdown is not available, because the rmarkdown package is not installed. Please install it.
    trying URL 'https://raw.githubusercontent.com/bnosac-dev/nltk_data/gh-pages/packages/corpora/conll2002.zip'
    Content type 'application/zip' length 1867449 bytes (1.8 MB)
    ==================================================
    downloaded 1.8 MB
    
    Downloading udpipe model from https://raw.githubusercontent.com/jwijffels/udpipe.models.ud.2.3/master/inst/udpipe-ud-2.3-181115/dutch-alpino-ud-2.3-181115.udpipe to d:/RCompile/CRANpkg/local/3.6/crfsuite.Rcheck/vign_test/crfsuite/vignettes/dutch-alpino-ud-2.3-181115.udpipe
    trying URL 'https://raw.githubusercontent.com/jwijffels/udpipe.models.ud.2.3/master/inst/udpipe-ud-2.3-181115/dutch-alpino-ud-2.3-181115.udpipe'
    Quitting from lines 213-222 (crfsuite-nlp.Rmd)
    Error: processing vignette 'crfsuite-nlp.Rmd' failed with diagnostics:
    cannot open URL 'https://raw.githubusercontent.com/jwijffels/udpipe.models.ud.2.3/master/inst/udpipe-ud-2.3-181115/dutch-alpino-ud-2.3-181115.udpipe'
    --- failed re-building 'crfsuite-nlp.Rmd'
    
    SUMMARY: processing the following file failed:
     'crfsuite-nlp.Rmd'
    
    Error: Vignette re-building failed.
    Execution halted
Flavor: r-devel-windows-ix86+x86_64