Last updated on 2019-03-27 00:47:50 CET.
Flavor | Version | Tinstall | Tcheck | Ttotal | Status | Flags |
---|---|---|---|---|---|---|
r-devel-linux-x86_64-debian-clang | 2.0.3 | 39.82 | 201.75 | 241.57 | NOTE | |
r-devel-linux-x86_64-debian-gcc | 2.0.3 | 28.63 | 138.87 | 167.50 | NOTE | |
r-devel-linux-x86_64-fedora-clang | 2.0.3 | 287.04 | NOTE | |||
r-devel-linux-x86_64-fedora-gcc | 2.0.3 | 267.32 | NOTE | |||
r-devel-windows-ix86+x86_64 | 2.0.3 | 111.00 | 290.00 | 401.00 | NOTE | |
r-patched-linux-x86_64 | 2.0.3 | 35.03 | 193.10 | 228.13 | NOTE | |
r-patched-solaris-x86 | 2.0.3 | 296.20 | NOTE | |||
r-release-linux-x86_64 | 2.0.3 | 34.30 | 185.62 | 219.92 | NOTE | |
r-release-windows-ix86+x86_64 | 2.0.3 | 105.00 | 236.00 | 341.00 | NOTE | |
r-release-osx-x86_64 | 2.0.3 | NOTE | ||||
r-oldrel-windows-ix86+x86_64 | 2.0.3 | 89.00 | 540.00 | 629.00 | NOTE | |
r-oldrel-osx-x86_64 | 2.0.3 | NOTE |
Version: 2.0.3
Check: for GNU extensions in Makefiles
Result: NOTE
GNU make is a SystemRequirements.
Flavors: r-devel-linux-x86_64-debian-clang, r-devel-linux-x86_64-debian-gcc, r-devel-linux-x86_64-fedora-clang, r-devel-linux-x86_64-fedora-gcc, r-devel-windows-ix86+x86_64, r-patched-linux-x86_64, r-patched-solaris-x86, r-release-linux-x86_64, r-release-windows-ix86+x86_64, r-release-osx-x86_64, r-oldrel-windows-ix86+x86_64, r-oldrel-osx-x86_64
Version: 2.0.3
Check: installed package size
Result: NOTE
installed size is 6.4Mb
sub-directories of 1Mb or more:
doc 1.3Mb
libs 4.9Mb
Flavors: r-devel-windows-ix86+x86_64, r-release-windows-ix86+x86_64, r-oldrel-windows-ix86+x86_64