Last updated on 2019-03-27 00:47:52 CET.
Flavor | Version | Tinstall | Tcheck | Ttotal | Status | Flags |
---|---|---|---|---|---|---|
r-devel-linux-x86_64-debian-clang | 0.1.14 | 30.21 | 84.64 | 114.85 | OK | |
r-devel-linux-x86_64-debian-gcc | 0.1.14 | 23.23 | 69.20 | 92.43 | OK | |
r-devel-linux-x86_64-fedora-clang | 0.1.14 | 155.24 | NOTE | |||
r-devel-linux-x86_64-fedora-gcc | 0.1.14 | 140.61 | NOTE | |||
r-devel-windows-ix86+x86_64 | 0.1.14 | 61.00 | 177.00 | 238.00 | OK | |
r-patched-linux-x86_64 | 0.1.14 | 28.54 | 86.36 | 114.90 | OK | |
r-patched-solaris-x86 | 0.1.14 | 261.10 | OK | |||
r-release-linux-x86_64 | 0.1.14 | 28.64 | 86.99 | 115.63 | OK | |
r-release-windows-ix86+x86_64 | 0.1.14 | 78.00 | 181.00 | 259.00 | OK | |
r-release-osx-x86_64 | 0.1.14 | OK | ||||
r-oldrel-windows-ix86+x86_64 | 0.1.14 | 49.00 | 188.00 | 237.00 | OK | |
r-oldrel-osx-x86_64 | 0.1.14 | OK |
Version: 0.1.14
Check: compiled code
Result: NOTE
File ‘diffrprojects/libs/diffrprojects.so’:
Found no calls to: ‘R_registerRoutines’, ‘R_useDynamicSymbols’
It is good practice to register native routines and to disable symbol
search.
See ‘Writing portable packages’ in the ‘Writing R Extensions’ manual.
Flavors: r-devel-linux-x86_64-fedora-clang, r-devel-linux-x86_64-fedora-gcc