CRAN Package Check Results for Package discoveR

Last updated on 2019-03-27 00:47:52 CET.

Flavor Version Tinstall Tcheck Ttotal Status Flags
r-devel-linux-x86_64-debian-clang 1.1.0 4.50 38.35 42.85 OK
r-devel-linux-x86_64-debian-gcc 1.1.0 3.92 29.99 33.91 OK
r-devel-linux-x86_64-fedora-clang 1.1.0 52.72 OK
r-devel-linux-x86_64-fedora-gcc 1.1.0 48.32 OK
r-devel-windows-ix86+x86_64 1.1.0 14.00 55.00 69.00 OK
r-patched-linux-x86_64 1.1.0 2.60 36.20 38.80 OK
r-patched-solaris-x86 1.1.0 81.00 OK
r-release-linux-x86_64 1.1.0 3.07 36.61 39.68 OK
r-release-windows-ix86+x86_64 1.1.0 16.00 58.00 74.00 OK
r-release-osx-x86_64 1.1.0 OK
r-oldrel-osx-x86_64 1.1.0 ERROR

Check Details

Version: 1.1.0
Check: whether package can be installed
Result: ERROR
    Installation failed.
Flavor: r-oldrel-osx-x86_64