CRAN Package Check Results for Package dynfrail

Last updated on 2019-03-27 00:47:53 CET.

Flavor Version Tinstall Tcheck Ttotal Status Flags
r-devel-linux-x86_64-debian-clang 0.5.2 27.18 222.34 249.52 WARN
r-devel-linux-x86_64-debian-gcc 0.5.2 26.23 173.21 199.44 NOTE
r-devel-linux-x86_64-fedora-clang 0.5.2 334.98 NOTE
r-devel-linux-x86_64-fedora-gcc 0.5.2 317.98 NOTE
r-devel-windows-ix86+x86_64 0.5.2 60.00 308.00 368.00 OK
r-patched-linux-x86_64 0.5.2 29.92 222.38 252.30 OK
r-patched-solaris-x86 0.5.2 478.10 OK
r-release-linux-x86_64 0.5.2 25.83 218.15 243.98 OK
r-release-windows-ix86+x86_64 0.5.2 76.00 358.00 434.00 OK
r-release-osx-x86_64 0.5.2 OK
r-oldrel-windows-ix86+x86_64 0.5.2 53.00 330.00 383.00 OK
r-oldrel-osx-x86_64 0.5.2 OK

Check Details

Version: 0.5.2
Check: whether package can be installed
Result: WARN
    Found the following significant warnings:
     Warning: unable to re-encode 'dynfrail.R' line 40
Flavor: r-devel-linux-x86_64-debian-clang

Version: 0.5.2
Check: use of SHLIB_OPENMP_*FLAGS in Makefiles
Result: NOTE
     src/Makevars: SHLIB_OPENMP_CXXFLAGS is included in PKG_CXXFLAGS but not in PKG_LIBS
     src/Makevars: SHLIB_OPENMP_CFLAGS is included in PKG_LIBS but linking is by C++
     src/Makevars.win: SHLIB_OPENMP_CXXFLAGS is included in PKG_CXXFLAGS but not in PKG_LIBS
     src/Makevars.win: SHLIB_OPENMP_CFLAGS is included in PKG_LIBS but linking is by C++
    Use of these macros is discussed in sect 1.2.1.1 of 'Writing R
    Extensions'. The macros for different languages may differ so the
    matching macro must be used in PKG_CXXFLAGS (etc) and match that used
    in PKG_LIBS (except for Fortran: see the manual).
Flavors: r-devel-linux-x86_64-debian-clang, r-devel-linux-x86_64-debian-gcc, r-devel-linux-x86_64-fedora-clang, r-devel-linux-x86_64-fedora-gcc