Last updated on 2019-03-27 00:47:53 CET.
Flavor | Version | Tinstall | Tcheck | Ttotal | Status | Flags |
---|---|---|---|---|---|---|
r-devel-linux-x86_64-debian-clang | 0.1.0 | 7.19 | 209.37 | 216.56 | WARN | |
r-devel-linux-x86_64-debian-gcc | 0.1.0 | 5.88 | 130.20 | 136.08 | OK | |
r-devel-linux-x86_64-fedora-clang | 0.1.0 | 275.07 | NOTE | |||
r-devel-linux-x86_64-fedora-gcc | 0.1.0 | 239.06 | NOTE | |||
r-devel-windows-ix86+x86_64 | 0.1.0 | 13.00 | 232.00 | 245.00 | OK | |
r-patched-linux-x86_64 | 0.1.0 | 5.48 | 192.61 | 198.09 | NOTE | |
r-patched-solaris-x86 | 0.1.0 | 463.00 | NOTE | |||
r-release-linux-x86_64 | 0.1.0 | 4.18 | 194.96 | 199.14 | NOTE | |
r-release-windows-ix86+x86_64 | 0.1.0 | 12.00 | 236.00 | 248.00 | OK | |
r-release-osx-x86_64 | 0.1.0 | NOTE | ||||
r-oldrel-windows-ix86+x86_64 | 0.1.0 | 8.00 | 255.00 | 263.00 | OK | |
r-oldrel-osx-x86_64 | 0.1.0 | ERROR |
Version: 0.1.0
Check: whether package can be installed
Result: WARN
Found the following significant warnings:
Warning: unable to re-encode 'simulation_functions.R' lines 70, 82, 670, 682
Warning: unable to re-encode 'tcgaov-data.R' lines 16, 40
Warning: unable to re-encode 'utility_functions.R' line 32
Flavor: r-devel-linux-x86_64-debian-clang
Version: 0.1.0
Check: dependencies in R code
Result: NOTE
Namespace in Imports field not imported from: ‘pander’
All declared Imports should be used.
Flavors: r-devel-linux-x86_64-fedora-clang, r-devel-linux-x86_64-fedora-gcc, r-patched-solaris-x86, r-release-osx-x86_64
Version: 0.1.0
Check: DESCRIPTION meta-information
Result: NOTE
Dependence on R version ‘3.3.1’ not with patchlevel 0
Flavors: r-patched-linux-x86_64, r-release-linux-x86_64
Version: 0.1.0
Check: package dependencies
Result: ERROR
Package required but not available: ‘WGCNA’
See section ‘The DESCRIPTION file’ in the ‘Writing R Extensions’
manual.
Flavor: r-oldrel-osx-x86_64