Last updated on 2019-03-27 00:47:53 CET.
Flavor | Version | Tinstall | Tcheck | Ttotal | Status | Flags |
---|---|---|---|---|---|---|
r-devel-linux-x86_64-debian-clang | 7.4.1 | 17.74 | 97.20 | 114.94 | WARN | |
r-devel-linux-x86_64-debian-gcc | 7.4.1 | 14.48 | 74.09 | 88.57 | OK | |
r-devel-linux-x86_64-fedora-clang | 7.4.1 | 137.06 | NOTE | |||
r-devel-linux-x86_64-fedora-gcc | 7.4.1 | 117.33 | NOTE | |||
r-devel-windows-ix86+x86_64 | 7.4.1 | 30.00 | 142.00 | 172.00 | OK | |
r-patched-linux-x86_64 | 7.4.1 | 10.86 | 90.29 | 101.15 | OK | |
r-patched-solaris-x86 | 7.4.1 | 178.30 | NOTE | |||
r-release-linux-x86_64 | 7.4.1 | 11.05 | 88.66 | 99.71 | OK | |
r-release-windows-ix86+x86_64 | 7.4.1 | 24.00 | 132.00 | 156.00 | OK | |
r-release-osx-x86_64 | 7.4.1 | NOTE | ||||
r-oldrel-windows-ix86+x86_64 | 7.4.1 | 13.00 | 103.00 | 116.00 | OK | |
r-oldrel-osx-x86_64 | 7.4.1 | NOTE |
Version: 7.4.1
Check: whether package can be installed
Result: WARN
Found the following significant warnings:
Warning: unable to re-encode 'DatabaseTSD.R' line 46
Warning: unable to re-encode 'searchR.R' line 37
Flavor: r-devel-linux-x86_64-debian-clang
Version: 7.4.1
Check: data for non-ASCII characters
Result: NOTE
Note: found 5 marked UTF-8 strings
Flavors: r-devel-linux-x86_64-fedora-clang, r-devel-linux-x86_64-fedora-gcc, r-patched-solaris-x86, r-release-osx-x86_64, r-oldrel-osx-x86_64