CRAN Package Check Results for Package emuR

Last updated on 2019-03-27 00:47:53 CET.

Flavor Version Tinstall Tcheck Ttotal Status Flags
r-devel-linux-x86_64-debian-clang 1.1.2 18.89 256.20 275.09 OK
r-devel-linux-x86_64-debian-gcc 1.1.2 16.88 192.22 209.10 OK
r-devel-linux-x86_64-fedora-clang 1.1.2 318.51 NOTE
r-devel-linux-x86_64-fedora-gcc 1.1.2 305.78 NOTE
r-devel-windows-ix86+x86_64 1.1.2 29.00 265.00 294.00 OK
r-patched-linux-x86_64 1.1.2 12.90 254.09 266.99 OK
r-patched-solaris-x86 1.1.2 394.20 NOTE
r-release-linux-x86_64 1.1.2 19.95 254.64 274.59 OK
r-release-windows-ix86+x86_64 1.1.2 38.00 360.00 398.00 OK
r-release-osx-x86_64 1.1.2 NOTE
r-oldrel-windows-ix86+x86_64 1.1.2 12.00 296.00 308.00 OK
r-oldrel-osx-x86_64 1.1.2 NOTE

Check Details

Version: 1.1.2
Check: dependencies in R code
Result: NOTE
    Namespaces in Imports field not imported from:
     ‘git2r’ ‘servr’
     All declared Imports should be used.
Flavors: r-devel-linux-x86_64-fedora-clang, r-devel-linux-x86_64-fedora-gcc, r-patched-solaris-x86, r-release-osx-x86_64, r-oldrel-osx-x86_64

Version: 1.1.2
Check: installed package size
Result: NOTE
     installed size is 5.3Mb
     sub-directories of 1Mb or more:
     doc 1.4Mb
     extdata 1.5Mb
Flavor: r-patched-solaris-x86