CRAN Package Check Results for Package fBasics

Last updated on 2019-03-27 00:47:55 CET.

Flavor Version Tinstall Tcheck Ttotal Status Flags
r-devel-linux-x86_64-debian-clang 3042.89 76.79 150.71 227.50 OK
r-devel-linux-x86_64-debian-gcc 3042.89 58.62 116.28 174.90 OK
r-devel-linux-x86_64-fedora-clang 3042.89 276.49 NOTE
r-devel-linux-x86_64-fedora-gcc 3042.89 240.40 NOTE
r-devel-windows-ix86+x86_64 3042.89 116.00 186.00 302.00 OK
r-patched-linux-x86_64 3042.89 67.82 145.44 213.26 OK
r-patched-solaris-x86 3042.89 387.30 OK
r-release-linux-x86_64 3042.89 59.69 140.93 200.62 OK
r-release-windows-ix86+x86_64 3042.89 110.00 184.00 294.00 OK
r-release-osx-x86_64 3042.89 OK
r-oldrel-windows-ix86+x86_64 3042.89 15.00 402.00 417.00 OK
r-oldrel-osx-x86_64 3042.89 OK

Check Details

Version: 3042.89
Check: compiled code
Result: NOTE
    File ‘fBasics/libs/fBasics.so’:
     Found no calls to: ‘R_registerRoutines’, ‘R_useDynamicSymbols’
    
    It is good practice to register native routines and to disable symbol
    search.
    
    See ‘Writing portable packages’ in the ‘Writing R Extensions’ manual.
Flavors: r-devel-linux-x86_64-fedora-clang, r-devel-linux-x86_64-fedora-gcc