Last updated on 2019-03-27 00:47:55 CET.
Flavor | Version | Tinstall | Tcheck | Ttotal | Status | Flags |
---|---|---|---|---|---|---|
r-devel-linux-x86_64-debian-clang | 0.5-4 | 5.99 | 47.85 | 53.84 | NOTE | |
r-devel-linux-x86_64-debian-gcc | 0.5-4 | 4.64 | 37.60 | 42.24 | NOTE | |
r-devel-linux-x86_64-fedora-clang | 0.5-4 | 62.97 | NOTE | |||
r-devel-linux-x86_64-fedora-gcc | 0.5-4 | 60.00 | NOTE | |||
r-devel-windows-ix86+x86_64 | 0.5-4 | 15.00 | 58.00 | 73.00 | NOTE | |
r-patched-linux-x86_64 | 0.5-4 | 4.45 | 45.42 | 49.87 | NOTE | |
r-patched-solaris-x86 | 0.5-4 | 82.30 | NOTE | |||
r-release-linux-x86_64 | 0.5-4 | 4.17 | 43.80 | 47.97 | NOTE | |
r-release-windows-ix86+x86_64 | 0.5-4 | 11.00 | 79.00 | 90.00 | NOTE | |
r-release-osx-x86_64 | 0.5-4 | NOTE | ||||
r-oldrel-windows-ix86+x86_64 | 0.5-4 | 7.00 | 80.00 | 87.00 | NOTE | |
r-oldrel-osx-x86_64 | 0.5-4 | NOTE |
Version: 0.5-4
Check: R code for possible problems
Result: NOTE
PTSingleAssetBarrierOption2: no visible global function definition for
'new'
newton: no visible global function definition for 'plot'
newton: no visible global function definition for 'abline'
probInRange: no visible global function definition for 'pnorm'
shortfall_risk: no visible global function definition for 'pnorm'
Undefined global functions or variables:
abline new plot pnorm
Consider adding
importFrom("graphics", "abline", "plot")
importFrom("methods", "new")
importFrom("stats", "pnorm")
to your NAMESPACE file (and ensure that your DESCRIPTION Imports field
contains 'methods').
Flavors: r-devel-linux-x86_64-debian-clang, r-devel-linux-x86_64-debian-gcc, r-devel-linux-x86_64-fedora-clang, r-devel-linux-x86_64-fedora-gcc, r-devel-windows-ix86+x86_64, r-patched-linux-x86_64, r-patched-solaris-x86, r-release-linux-x86_64, r-release-windows-ix86+x86_64, r-release-osx-x86_64, r-oldrel-windows-ix86+x86_64, r-oldrel-osx-x86_64