CRAN Package Check Results for Package fPortfolio

Last updated on 2019-03-27 00:47:55 CET.

Flavor Version Tinstall Tcheck Ttotal Status Flags
r-devel-linux-x86_64-debian-clang 3042.83 22.19 130.99 153.18 NOTE
r-devel-linux-x86_64-debian-gcc 3042.83 17.04 99.66 116.70 NOTE
r-devel-linux-x86_64-fedora-clang 3042.83 181.85 NOTE
r-devel-linux-x86_64-fedora-gcc 3042.83 169.63 NOTE
r-devel-windows-ix86+x86_64 3042.83 36.00 133.00 169.00 NOTE
r-patched-linux-x86_64 3042.83 16.64 126.36 143.00 NOTE
r-patched-solaris-x86 3042.83 233.90 NOTE
r-release-linux-x86_64 3042.83 16.86 121.79 138.65 NOTE
r-release-windows-ix86+x86_64 3042.83 34.00 133.00 167.00 NOTE
r-release-osx-x86_64 3042.83 NOTE
r-oldrel-windows-ix86+x86_64 3042.83 14.00 145.00 159.00 NOTE
r-oldrel-osx-x86_64 3042.83 NOTE

Check Details

Version: 3042.83
Check: package dependencies
Result: NOTE
    Packages suggested but not available for checking:
     'Rsocp', 'Rnlminb2', 'Rdonlp2'
Flavors: r-devel-linux-x86_64-debian-clang, r-devel-linux-x86_64-debian-gcc, r-devel-linux-x86_64-fedora-clang, r-devel-linux-x86_64-fedora-gcc, r-devel-windows-ix86+x86_64

Version: 3042.83
Check: package dependencies
Result: NOTE
    Packages suggested but not available for checking:
     ‘Rsocp’ ‘Rnlminb2’ ‘Rdonlp2’
Flavors: r-patched-linux-x86_64, r-release-linux-x86_64, r-release-windows-ix86+x86_64, r-oldrel-windows-ix86+x86_64

Version: 3042.83
Check: package dependencies
Result: NOTE
    Packages suggested but not available for checking:
     ‘Rsocp’ ‘Rnlminb2’ ‘Rdonlp2’ ‘Rsymphony’
Flavors: r-patched-solaris-x86, r-release-osx-x86_64, r-oldrel-osx-x86_64