Last updated on 2019-03-27 00:47:54 CET.
Flavor | Version | Tinstall | Tcheck | Ttotal | Status | Flags |
---|---|---|---|---|---|---|
r-devel-linux-x86_64-debian-clang | 4.5 | 39.97 | 82.32 | 122.29 | OK | |
r-devel-linux-x86_64-debian-gcc | 4.5 | 34.45 | 62.31 | 96.76 | OK | |
r-devel-linux-x86_64-fedora-clang | 4.5 | 163.89 | OK | |||
r-devel-linux-x86_64-fedora-gcc | 4.5 | 146.11 | OK | |||
r-devel-windows-ix86+x86_64 | 4.5 | 82.00 | 125.00 | 207.00 | OK | |
r-patched-linux-x86_64 | 4.5 | 39.54 | 78.42 | 117.96 | OK | |
r-patched-solaris-x86 | 4.5 | 172.40 | OK | |||
r-release-linux-x86_64 | 4.5 | 36.91 | 75.34 | 112.25 | OK | |
r-release-windows-ix86+x86_64 | 4.5 | 109.00 | 208.00 | 317.00 | WARN | |
r-release-osx-x86_64 | 4.5 | OK | ||||
r-oldrel-windows-ix86+x86_64 | 4.5 | 70.00 | 146.00 | 216.00 | OK | |
r-oldrel-osx-x86_64 | 4.5 | OK |
Version: 4.5
Check: whether package can be installed
Result: WARN
Found the following significant warnings:
Warning: S3 methods '[.fun_list', '[.grouped_df', 'all.equal.tbl_df', 'anti_join.data.frame', 'anti_join.tbl_df', 'arrange.data.frame', 'arrange.default', 'arrange.grouped_df', 'arrange.tbl_df', 'arrange_.data.frame', 'arrange_.tbl_df', 'as.data.frame.grouped_df', 'as.data.frame.rowwise_df', 'as.data.frame.tbl_cube', 'as.table.tbl_cube', 'as.tbl.data.frame', 'as.tbl.tbl', 'as.tbl_cube.array', 'as.tbl_cube.data.frame', 'as.tbl_cube.matrix', 'as.tbl_cube.table', 'as_tibble.grouped_df', 'as_tibble.tbl_cube', 'auto_copy.tbl_cube', 'auto_copy.tbl_df', 'cbind.grouped_df', 'collapse.data.frame', 'collect.data.frame', 'common_by.NULL', 'common_by.character', 'common_by.default', 'common_by.list', 'compute.data.frame', 'copy_to.DBIConnection', 'copy_to.src_local', 'default_missing.data.frame', 'default_missing.default', 'dim.tbl_cube', 'distinct.data.frame', 'distinct.default', 'distinct.grouped_df', 'distinct.tbl_df', 'distinct_.data.frame', 'distinct_.grouped_df', 'distinct_.tbl_df', 'do.NULL', 'do.da [... truncated]
Flavor: r-release-windows-ix86+x86_64