Last updated on 2019-03-27 00:47:55 CET.
Flavor | Version | Tinstall | Tcheck | Ttotal | Status | Flags |
---|---|---|---|---|---|---|
r-devel-linux-x86_64-debian-clang | 1.0-2 | 1.78 | 15.84 | 17.62 | OK | |
r-devel-linux-x86_64-debian-gcc | 1.0-2 | 1.52 | 13.11 | 14.63 | OK | |
r-devel-linux-x86_64-fedora-clang | 1.0-2 | 22.33 | NOTE | |||
r-devel-linux-x86_64-fedora-gcc | 1.0-2 | 20.91 | NOTE | |||
r-devel-windows-ix86+x86_64 | 1.0-2 | 11.00 | 46.00 | 57.00 | OK | |
r-patched-linux-x86_64 | 1.0-2 | 1.14 | 15.22 | 16.36 | OK | |
r-patched-solaris-x86 | 1.0-2 | 31.70 | OK | |||
r-release-linux-x86_64 | 1.0-2 | 1.21 | 14.60 | 15.81 | OK | |
r-release-windows-ix86+x86_64 | 1.0-2 | 5.00 | 29.00 | 34.00 | OK | |
r-release-osx-x86_64 | 1.0-2 | OK | ||||
r-oldrel-windows-ix86+x86_64 | 1.0-2 | 5.00 | 38.00 | 43.00 | OK | |
r-oldrel-osx-x86_64 | 1.0-2 | OK |
Version: 1.0-2
Check: compiled code
Result: NOTE
File ‘fasttime/libs/fasttime.so’:
Found no calls to: ‘R_registerRoutines’, ‘R_useDynamicSymbols’
It is good practice to register native routines and to disable symbol
search.
See ‘Writing portable packages’ in the ‘Writing R Extensions’ manual.
Flavors: r-devel-linux-x86_64-fedora-clang, r-devel-linux-x86_64-fedora-gcc