Last updated on 2019-03-27 00:47:55 CET.
Flavor | Version | Tinstall | Tcheck | Ttotal | Status | Flags |
---|---|---|---|---|---|---|
r-devel-linux-x86_64-debian-clang | 0.2.0 | 5.33 | 77.70 | 83.03 | OK | |
r-devel-linux-x86_64-debian-gcc | 0.2.0 | 4.84 | 61.34 | 66.18 | OK | |
r-devel-linux-x86_64-fedora-clang | 0.2.0 | 110.88 | NOTE | |||
r-devel-linux-x86_64-fedora-gcc | 0.2.0 | 94.93 | NOTE | |||
r-devel-windows-ix86+x86_64 | 0.2.0 | 19.00 | 88.00 | 107.00 | OK | |
r-patched-linux-x86_64 | 0.2.0 | 4.14 | 77.09 | 81.23 | OK | |
r-patched-solaris-x86 | 0.2.0 | 140.90 | NOTE | |||
r-release-linux-x86_64 | 0.2.0 | 3.36 | 77.23 | 80.59 | OK | |
r-release-windows-ix86+x86_64 | 0.2.0 | 10.00 | 89.00 | 99.00 | OK | |
r-release-osx-x86_64 | 0.2.0 | NOTE | ||||
r-oldrel-windows-ix86+x86_64 | 0.2.0 | 8.00 | 100.00 | 108.00 | OK | |
r-oldrel-osx-x86_64 | 0.2.0 | NOTE |
Version: 0.2.0
Check: dependencies in R code
Result: NOTE
Namespace in Imports field not imported from: ‘rappdirs’
All declared Imports should be used.
Flavors: r-devel-linux-x86_64-fedora-clang, r-devel-linux-x86_64-fedora-gcc, r-patched-solaris-x86, r-release-osx-x86_64, r-oldrel-osx-x86_64