Last updated on 2019-03-27 00:47:55 CET.
Flavor | Version | Tinstall | Tcheck | Ttotal | Status | Flags |
---|---|---|---|---|---|---|
r-devel-linux-x86_64-debian-clang | 1.1 | 31.16 | 106.78 | 137.94 | OK | |
r-devel-linux-x86_64-debian-gcc | 1.1 | 26.43 | 84.73 | 111.16 | OK | |
r-devel-linux-x86_64-fedora-clang | 1.1 | 193.59 | NOTE | |||
r-devel-linux-x86_64-fedora-gcc | 1.1 | 168.21 | NOTE | |||
r-devel-windows-ix86+x86_64 | 1.1 | 77.00 | 173.00 | 250.00 | OK | |
r-patched-linux-x86_64 | 1.1 | 25.65 | 104.16 | 129.81 | OK | |
r-patched-solaris-x86 | 1.1 | 247.70 | NOTE | |||
r-release-linux-x86_64 | 1.1 | 25.64 | 104.95 | 130.59 | OK | |
r-release-windows-ix86+x86_64 | 1.1 | 102.00 | 188.00 | 290.00 | OK | |
r-release-osx-x86_64 | 1.1 | WARN | ||||
r-oldrel-windows-ix86+x86_64 | 1.1 | 59.00 | 201.00 | 260.00 | OK | |
r-oldrel-osx-x86_64 | 1.1 | WARN |
Version: 1.1
Check: dependencies in R code
Result: NOTE
Namespace in Imports field not imported from: ‘RcppProgress’
All declared Imports should be used.
Flavors: r-devel-linux-x86_64-fedora-clang, r-devel-linux-x86_64-fedora-gcc, r-patched-solaris-x86, r-release-osx-x86_64, r-oldrel-osx-x86_64
Version: 1.1
Check: whether package can be installed
Result: WARN
Found the following significant warnings:
Warning: 'rgl_init' failed, running with rgl.useNULL = TRUE
Flavors: r-release-osx-x86_64, r-oldrel-osx-x86_64