Last updated on 2019-03-27 00:47:55 CET.
Flavor | Version | Tinstall | Tcheck | Ttotal | Status | Flags |
---|---|---|---|---|---|---|
r-devel-linux-x86_64-debian-clang | 0.1.0 | 6.15 | 76.13 | 82.28 | OK | |
r-devel-linux-x86_64-debian-gcc | 0.1.0 | 5.63 | 59.90 | 65.53 | OK | |
r-devel-linux-x86_64-fedora-clang | 0.1.0 | 99.74 | NOTE | |||
r-devel-linux-x86_64-fedora-gcc | 0.1.0 | 90.19 | NOTE | |||
r-devel-windows-ix86+x86_64 | 0.1.0 | 12.00 | 106.00 | 118.00 | OK | |
r-patched-linux-x86_64 | 0.1.0 | 4.44 | 73.08 | 77.52 | OK | |
r-patched-solaris-x86 | 0.1.0 | 126.80 | NOTE | |||
r-release-linux-x86_64 | 0.1.0 | 4.35 | 72.29 | 76.64 | OK | |
r-release-windows-ix86+x86_64 | 0.1.0 | 10.00 | 89.00 | 99.00 | OK | |
r-release-osx-x86_64 | 0.1.0 | NOTE | ||||
r-oldrel-windows-ix86+x86_64 | 0.1.0 | 7.00 | 109.00 | 116.00 | OK | |
r-oldrel-osx-x86_64 | 0.1.0 | NOTE |
Version: 0.1.0
Check: dependencies in R code
Result: NOTE
Namespaces in Imports field not imported from:
‘base’ ‘pbapply’ ‘stringr’
All declared Imports should be used.
Flavors: r-devel-linux-x86_64-fedora-clang, r-devel-linux-x86_64-fedora-gcc, r-patched-solaris-x86, r-release-osx-x86_64, r-oldrel-osx-x86_64