Last updated on 2019-03-27 00:47:55 CET.
Flavor | Version | Tinstall | Tcheck | Ttotal | Status | Flags |
---|---|---|---|---|---|---|
r-devel-linux-x86_64-debian-clang | 0.8.8 | 28.71 | 104.55 | 133.26 | OK | |
r-devel-linux-x86_64-debian-gcc | 0.8.8 | 21.88 | 82.03 | 103.91 | OK | |
r-devel-linux-x86_64-fedora-clang | 0.8.8 | 173.07 | OK | |||
r-devel-linux-x86_64-fedora-gcc | 0.8.8 | 156.62 | OK | |||
r-devel-windows-ix86+x86_64 | 0.8.8 | 59.00 | 167.00 | 226.00 | OK | |
r-patched-linux-x86_64 | 0.8.8 | 23.76 | 102.23 | 125.99 | OK | |
r-patched-solaris-x86 | 0.8.8 | 223.20 | OK | |||
r-release-linux-x86_64 | 0.8.8 | 24.43 | 101.61 | 126.04 | OK | |
r-release-windows-ix86+x86_64 | 0.8.8 | 68.00 | 201.00 | 269.00 | WARN | |
r-release-osx-x86_64 | 0.8.8 | OK | ||||
r-oldrel-windows-ix86+x86_64 | 0.8.8 | 45.00 | 210.00 | 255.00 | OK | |
r-oldrel-osx-x86_64 | 0.8.8 | OK |
Version: 0.8.8
Check: whether package can be installed
Result: WARN
Found the following significant warnings:
Warning: S3 methods '[.fun_list', '[.grouped_df', 'all.equal.tbl_df', 'anti_join.data.frame', 'anti_join.tbl_df', 'arrange.data.frame', 'arrange.default', 'arrange.grouped_df', 'arrange.tbl_df', 'arrange_.data.frame', 'arrange_.tbl_df', 'as.data.frame.grouped_df', 'as.data.frame.rowwise_df', 'as.data.frame.tbl_cube', 'as.table.tbl_cube', 'as.tbl.data.frame', 'as.tbl.tbl', 'as.tbl_cube.array', 'as.tbl_cube.data.frame', 'as.tbl_cube.matrix', 'as.tbl_cube.table', 'as_tibble.grouped_df', 'as_tibble.tbl_cube', 'auto_copy.tbl_cube', 'auto_copy.tbl_df', 'cbind.grouped_df', 'collapse.data.frame', 'collect.data.frame', 'common_by.NULL', 'common_by.character', 'common_by.default', 'common_by.list', 'compute.data.frame', 'copy_to.DBIConnection', 'copy_to.src_local', 'default_missing.data.frame', 'default_missing.default', 'dim.tbl_cube', 'distinct.data.frame', 'distinct.default', 'distinct.grouped_df', 'distinct.tbl_df', 'distinct_.data.frame', 'distinct_.grouped_df', 'distinct_.tbl_df', 'do.NULL', 'do.da [... truncated]
Flavor: r-release-windows-ix86+x86_64