Last updated on 2019-03-27 00:47:56 CET.
Flavor | Version | Tinstall | Tcheck | Ttotal | Status | Flags |
---|---|---|---|---|---|---|
r-devel-linux-x86_64-debian-clang | 1.1.3.6 | 3.27 | 32.71 | 35.98 | OK | |
r-devel-linux-x86_64-debian-gcc | 1.1.3.6 | 2.57 | 26.27 | 28.84 | OK | |
r-devel-linux-x86_64-fedora-clang | 1.1.3.6 | 44.63 | NOTE | |||
r-devel-linux-x86_64-fedora-gcc | 1.1.3.6 | 41.94 | NOTE | |||
r-devel-windows-ix86+x86_64 | 1.1.3.6 | 11.00 | 97.00 | 108.00 | OK | |
r-patched-linux-x86_64 | 1.1.3.6 | 2.03 | 30.32 | 32.35 | OK | |
r-patched-solaris-x86 | 1.1.3.6 | 65.00 | NOTE | |||
r-release-linux-x86_64 | 1.1.3.6 | 2.66 | 29.91 | 32.57 | OK | |
r-release-windows-ix86+x86_64 | 1.1.3.6 | 12.00 | 62.00 | 74.00 | OK | |
r-release-osx-x86_64 | 1.1.3.6 | NOTE | ||||
r-oldrel-windows-ix86+x86_64 | 1.1.3.6 | 7.00 | 68.00 | 75.00 | OK | |
r-oldrel-osx-x86_64 | 1.1.3.6 | NOTE |
Version: 1.1.3.6
Check: dependencies in R code
Result: NOTE
Namespace in Imports field not imported from: ‘grDevices’
All declared Imports should be used.
Flavors: r-devel-linux-x86_64-fedora-clang, r-devel-linux-x86_64-fedora-gcc, r-patched-solaris-x86, r-release-osx-x86_64, r-oldrel-osx-x86_64