Last updated on 2019-03-27 00:47:56 CET.
Flavor | Version | Tinstall | Tcheck | Ttotal | Status | Flags |
---|---|---|---|---|---|---|
r-devel-linux-x86_64-debian-clang | 0.1.0.4 | 229.59 | 53.14 | 282.73 | NOTE | |
r-devel-linux-x86_64-debian-gcc | 0.1.0.4 | 185.98 | 41.71 | 227.69 | NOTE | |
r-devel-linux-x86_64-fedora-clang | 0.1.0.4 | 464.00 | NOTE | |||
r-devel-linux-x86_64-fedora-gcc | 0.1.0.4 | 398.66 | NOTE | |||
r-devel-windows-ix86+x86_64 | 0.1.0.4 | 521.00 | 104.00 | 625.00 | NOTE | |
r-patched-linux-x86_64 | 0.1.0.4 | 221.13 | 51.30 | 272.43 | NOTE | |
r-patched-solaris-x86 | 0.1.0.4 | 347.70 | NOTE | |||
r-release-linux-x86_64 | 0.1.0.4 | 217.00 | 51.20 | 268.20 | NOTE | |
r-release-windows-ix86+x86_64 | 0.1.0.4 | 661.00 | 127.00 | 788.00 | NOTE | |
r-release-osx-x86_64 | 0.1.0.4 | NOTE | ||||
r-oldrel-windows-ix86+x86_64 | 0.1.0.4 | 490.00 | 116.00 | 606.00 | NOTE | |
r-oldrel-osx-x86_64 | 0.1.0.4 | NOTE |
Version: 0.1.0.4
Check: for GNU extensions in Makefiles
Result: NOTE
GNU make is a SystemRequirements.
Flavors: r-devel-linux-x86_64-debian-clang, r-devel-linux-x86_64-debian-gcc, r-devel-linux-x86_64-fedora-clang, r-devel-linux-x86_64-fedora-gcc, r-devel-windows-ix86+x86_64, r-patched-linux-x86_64, r-patched-solaris-x86, r-release-linux-x86_64, r-release-windows-ix86+x86_64, r-release-osx-x86_64, r-oldrel-windows-ix86+x86_64, r-oldrel-osx-x86_64
Version: 0.1.0.4
Check: installed package size
Result: NOTE
installed size is 17.0Mb
sub-directories of 1Mb or more:
doc 1.2Mb
libs 15.6Mb
Flavors: r-devel-linux-x86_64-fedora-clang, r-devel-windows-ix86+x86_64, r-release-windows-ix86+x86_64, r-release-osx-x86_64, r-oldrel-windows-ix86+x86_64, r-oldrel-osx-x86_64
Version: 0.1.0.4
Check: compiled code
Result: NOTE
File ‘gbp/libs/gbp.so’:
Found no calls to: ‘R_registerRoutines’, ‘R_useDynamicSymbols’
It is good practice to register native routines and to disable symbol
search.
See ‘Writing portable packages’ in the ‘Writing R Extensions’ manual.
Flavors: r-devel-linux-x86_64-fedora-clang, r-devel-linux-x86_64-fedora-gcc