CRAN Package Check Results for Package geojsonR

Last updated on 2019-03-27 00:47:56 CET.

Flavor Version Tinstall Tcheck Ttotal Status Flags
r-devel-linux-x86_64-debian-clang 1.0.6 47.83 28.05 75.88 OK
r-devel-linux-x86_64-debian-gcc 1.0.6 40.28 22.52 62.80 OK
r-devel-linux-x86_64-fedora-clang 1.0.6 116.06 OK
r-devel-linux-x86_64-fedora-gcc 1.0.6 104.28 OK
r-devel-windows-ix86+x86_64 1.0.6 131.00 88.00 219.00 OK
r-patched-linux-x86_64 1.0.6 49.66 26.22 75.88 OK
r-patched-solaris-x86 1.0.6 107.10 OK
r-release-linux-x86_64 1.0.6 46.88 26.41 73.29 OK
r-release-windows-ix86+x86_64 1.0.6 123.00 78.00 201.00 OK
r-release-osx-x86_64 1.0.6 NOTE
r-oldrel-windows-ix86+x86_64 1.0.6 97.00 65.00 162.00 OK
r-oldrel-osx-x86_64 1.0.6 OK

Check Details

Version: 1.0.6
Check: installed package size
Result: NOTE
     installed size is 5.0Mb
     sub-directories of 1Mb or more:
     doc 1.3Mb
     libs 3.6Mb
Flavor: r-release-osx-x86_64