Last updated on 2019-03-27 00:47:56 CET.
Flavor | Version | Tinstall | Tcheck | Ttotal | Status | Flags |
---|---|---|---|---|---|---|
r-devel-linux-x86_64-debian-clang | 0.6.0 | 9.41 | 100.43 | 109.84 | OK | |
r-devel-linux-x86_64-debian-gcc | 0.6.0 | 8.02 | 84.00 | 92.02 | OK | |
r-devel-linux-x86_64-fedora-clang | 0.6.0 | 138.36 | OK | |||
r-devel-linux-x86_64-fedora-gcc | 0.6.0 | 128.47 | OK | |||
r-devel-windows-ix86+x86_64 | 0.6.0 | 24.00 | 208.00 | 232.00 | OK | |
r-patched-linux-x86_64 | 0.6.0 | 7.54 | 102.20 | 109.74 | OK | |
r-patched-solaris-x86 | 0.6.0 | 209.30 | NOTE | |||
r-release-linux-x86_64 | 0.6.0 | 6.94 | 101.06 | 108.00 | OK | |
r-release-windows-ix86+x86_64 | 0.6.0 | 24.00 | 166.00 | 190.00 | OK | |
r-release-osx-x86_64 | 0.6.0 | OK | ||||
r-oldrel-windows-ix86+x86_64 | 0.6.0 | 16.00 | 184.00 | 200.00 | OK | |
r-oldrel-osx-x86_64 | 0.6.0 | OK |
Version: 0.6.0
Check: installed package size
Result: NOTE
installed size is 5.7Mb
sub-directories of 1Mb or more:
doc 1.5Mb
examples 1.9Mb
vign 1.4Mb
Flavor: r-patched-solaris-x86