Last updated on 2019-03-27 00:47:56 CET.
Flavor | Version | Tinstall | Tcheck | Ttotal | Status | Flags |
---|---|---|---|---|---|---|
r-devel-linux-x86_64-debian-clang | 0.0.31 | 7.74 | 72.40 | 80.14 | WARN | |
r-devel-linux-x86_64-debian-gcc | 0.0.31 | 5.18 | 55.44 | 60.62 | OK | |
r-devel-linux-x86_64-fedora-clang | 0.0.31 | 99.82 | OK | |||
r-devel-linux-x86_64-fedora-gcc | 0.0.31 | 90.41 | OK | |||
r-devel-windows-ix86+x86_64 | 0.0.31 | 12.00 | 93.00 | 105.00 | OK | |
r-patched-linux-x86_64 | 0.0.31 | 4.49 | 69.49 | 73.98 | OK | |
r-patched-solaris-x86 | 0.0.31 | 118.20 | OK | |||
r-release-linux-x86_64 | 0.0.31 | 5.18 | 68.26 | 73.44 | OK | |
r-release-windows-ix86+x86_64 | 0.0.31 | 12.00 | 89.00 | 101.00 | OK | |
r-release-osx-x86_64 | 0.0.31 | OK | ||||
r-oldrel-windows-ix86+x86_64 | 0.0.31 | 7.00 | 144.00 | 151.00 | OK | |
r-oldrel-osx-x86_64 | 0.0.31 | OK |
Version: 0.0.31
Check: whether package can be installed
Result: WARN
Found the following significant warnings:
Warning: unable to re-encode '0_QC_Constants.r' lines 24, 25
Flavor: r-devel-linux-x86_64-debian-clang