Last updated on 2019-03-27 00:47:56 CET.
Flavor | Version | Tinstall | Tcheck | Ttotal | Status | Flags |
---|---|---|---|---|---|---|
r-devel-linux-x86_64-debian-clang | 0.4.0 | 6.60 | 89.51 | 96.11 | WARN | |
r-devel-linux-x86_64-debian-gcc | 0.4.0 | 5.79 | 68.90 | 74.69 | OK | |
r-devel-linux-x86_64-fedora-clang | 0.4.0 | 120.27 | NOTE | |||
r-devel-linux-x86_64-fedora-gcc | 0.4.0 | 113.58 | NOTE | |||
r-devel-windows-ix86+x86_64 | 0.4.0 | 16.00 | 115.00 | 131.00 | OK | |
r-patched-linux-x86_64 | 0.4.0 | 5.56 | 87.89 | 93.45 | OK | |
r-patched-solaris-x86 | 0.4.0 | 155.40 | NOTE | |||
r-release-linux-x86_64 | 0.4.0 | 4.53 | 88.91 | 93.44 | OK | |
r-release-windows-ix86+x86_64 | 0.4.0 | 15.00 | 110.00 | 125.00 | OK | |
r-release-osx-x86_64 | 0.4.0 | NOTE | ||||
r-oldrel-windows-ix86+x86_64 | 0.4.0 | 8.00 | 175.00 | 183.00 | OK | |
r-oldrel-osx-x86_64 | 0.4.0 | NOTE |
Version: 0.4.0
Check: whether package can be installed
Result: WARN
Found the following significant warnings:
Warning: unable to re-encode 'geom_dumbbell.R' line 5
Flavor: r-devel-linux-x86_64-debian-clang
Version: 0.4.0
Check: dependencies in R code
Result: NOTE
Namespace in Imports field not imported from: ‘plotly’
All declared Imports should be used.
Flavors: r-devel-linux-x86_64-fedora-clang, r-devel-linux-x86_64-fedora-gcc, r-patched-solaris-x86, r-release-osx-x86_64, r-oldrel-osx-x86_64