CRAN Package Check Results for Package ggdag

Last updated on 2019-03-27 00:47:56 CET.

Flavor Version Tinstall Tcheck Ttotal Status Flags
r-devel-linux-x86_64-debian-clang 0.1.0 7.99 107.06 115.05 ERROR
r-devel-linux-x86_64-debian-gcc 0.1.0 6.08 95.08 101.16 OK
r-devel-linux-x86_64-fedora-clang 0.1.0 161.78 NOTE
r-devel-linux-x86_64-fedora-gcc 0.1.0 151.82 NOTE
r-devel-windows-ix86+x86_64 0.1.0 17.00 151.00 168.00 OK
r-patched-linux-x86_64 0.1.0 6.87 118.63 125.50 OK
r-patched-solaris-x86 0.1.0 207.30 NOTE
r-release-linux-x86_64 0.1.0 6.47 120.25 126.72 OK
r-release-windows-ix86+x86_64 0.1.0 18.00 138.00 156.00 OK
r-release-osx-x86_64 0.1.0 NOTE
r-oldrel-windows-ix86+x86_64 0.1.0 11.00 224.00 235.00 OK
r-oldrel-osx-x86_64 0.1.0 NOTE

Check Details

Version: 0.1.0
Check: whether package can be installed
Result: WARN
    Found the following significant warnings:
     Warning: unable to re-encode 'utils.R' line 115
Flavor: r-devel-linux-x86_64-debian-clang

Version: 0.1.0
Check: for unstated dependencies in examples
Result: WARN
    Warning in parse(file = files, n = -1L) :
     invalid input found on input connection 'ggdag-Ex.R'
Flavor: r-devel-linux-x86_64-debian-clang

Version: 0.1.0
Check: examples
Result: ERROR
    Running examples in 'ggdag-Ex.R' failed
    The error most likely occurred in:
    
    > base::assign(".ptime", proc.time(), pos = "CheckExEnv")
    > ### Name: expand_scale
    > ### Title: Generate expansion vector for scales.
    > ### Aliases: expand_scale
    >
    > ### ** Examples
    >
    > # No space below the bars but 10% above them
    > ggplot(mtcars) +
    + geom_bar(aes(x = factor(cyl))) +
    + scale_y_continuous(expand = expand_scale(mult = c(0, .1)))
    >
    > # Add 2 units of space on the left and right of the data
    > ggplot(subset(diamonds, carat > 2), aes(cut, clarity)) +
    + geom_jitter() +
    + scale_x_discrete(expand = expand_scale(add = 2))
    >
    > # Reproduce the default range expansion used
    > <ERROR: re-encoding failure from encoding 'UTF-8'>
    # when the + ggplot(subset(diamonds, carat > 2), aes(cut, price)) +
    > geom_jitter() +
    + scale_x_discrete(expand = expand_scale(add = .6)) +
    + scale_y_continuous(expand = expand_scale(mult = .05))
    Error: Cannot add ggproto objects together. Did you forget to add this object to a ggplot object?
    Execution halted
Flavor: r-devel-linux-x86_64-debian-clang

Version: 0.1.0
Check: dependencies in R code
Result: NOTE
    Namespaces in Imports field not imported from:
     ‘ggforce’ ‘plyr’
     All declared Imports should be used.
Flavors: r-devel-linux-x86_64-fedora-clang, r-devel-linux-x86_64-fedora-gcc, r-patched-solaris-x86, r-release-osx-x86_64, r-oldrel-osx-x86_64